{"id":9,"date":"2019-08-07T18:54:40","date_gmt":"2019-08-07T18:54:40","guid":{"rendered":"http:\/\/www.gipps.org\/revistaredes\/?page_id=9"},"modified":"2026-03-04T18:59:00","modified_gmt":"2026-03-04T18:59:00","slug":"equipo-editorial","status":"publish","type":"page","link":"https:\/\/www.gipps.org\/revistaredes\/equipo-editorial\/","title":{"rendered":"Equipo editorial"},"content":{"rendered":"\n<p><strong>Editor general<\/strong><\/p>\n\n\n\n<p>Dr. Ricardo S\u00e1nchez-Medina | Universidad Nacional Aut\u00f3noma de M\u00e9xico, FES Iztacala | M\u00e9xico<\/p>\n\n\n\n<p><strong>Editora asociada<\/strong><\/p>\n\n\n\n<p>Mtra. Ofelia Desatnik Miechimsky | Universidad Nacional Aut\u00f3noma de M\u00e9xico,\nFES Iztacala | M\u00e9xico<\/p>\n\n\n\n<p><strong>Editores ejecutivos<\/strong><\/p>\n\n\n\n<p>Dra. Consuelo Rubi Rosales Pi\u00f1a | Universidad Nacional Aut\u00f3noma de M\u00e9xico,\nFES Iztacala | M\u00e9xico<\/p>\n\n\n\n<p>Dr. David Javier Enr\u00edquez-Negrete | Universidad Nacional Aut\u00f3noma de M\u00e9xico,\nFES Iztacala | M\u00e9xico<\/p>\n\n\n\n<p>Dra. Esperanza Guarneros-Reyes | Universidad Nacional Aut\u00f3noma de M\u00e9xico,\nFES Iztacala | M\u00e9xico<\/p>\n\n\n\n<p><strong>Editores t\u00e9cnicos<\/strong><\/p>\n\n\n\n<p>Lic. Maria de los \u00c1ngeles Estrada Mart\u00ednez | Universidad Nacional Aut\u00f3noma\nde M\u00e9xico, FES Iztacala | M\u00e9xico <\/p>\n\n\n\n<p>Mtra. Dulce Maria Velasco Hern\u00e1ndez | Universidad Nacional Aut\u00f3noma de M\u00e9xico, FES Iztacala | M\u00e9xico<\/p>\n\n\n\n<p>Mtra. Maura Z\u00fa\u00f1iga Rodr\u00edguez | Universidad Nacional Aut\u00f3noma de M\u00e9xico, FES Iztacala | M\u00e9xico<\/p>\n\n\n\n<p><strong>Consejo editorial<\/strong><\/p>\n\n\n\n<p>Dra. Analia Ver\u00f3nica Losada | Universidad de Flores | Argentina<\/p>\n\n\n\n<p>Dr. Arturo Silva-Rodr\u00edguez | Universidad Nacional Aut\u00f3noma de M\u00e9xico, FES\nIztacala | M\u00e9xico<\/p>\n\n\n\n<p>Mtra. Blanca Delia Arias Garc\u00eda | Universidad Nacional Aut\u00f3noma de M\u00e9xico, FES Iztacala | M\u00e9xico<\/p>\n\n\n\n<p>Dr. Enrique Berra-Ruiz | Universidad Aut\u00f3noma de Baja California, Escuela de Ciencias de la Salud | M\u00e9xico<\/p>\n\n\n\n<p>Dr. Francisco Javier Rosas Santiago | Universidad Veracruzana | M\u00e9xico<\/p>\n\n\n\n<p>Dr. Juan Carlos Plascencia de la Torre | Universidad de Guadalajara-CUALTOS | M\u00e9xico<\/p>\n\n\n\n<p>Dra. Laura Edith Perez Laborde | Universidad Nacional Aut\u00f3noma de M\u00e9xico, FES Iztacala | M\u00e9xico<\/p>\n\n\n\n<p>Dra. Sandra Mu\u00f1oz-Maldonado | Universidad Nacional Aut\u00f3noma de M\u00e9xico, FES\nIztacala | M\u00e9xico<\/p>\n\n\n\n<p>Dra. Silvia Susana Robles Montijo | Universidad Nacional Aut\u00f3noma de M\u00e9xico,\nFES Iztacala | M\u00e9xico<\/p>\n\n\n\n<p>Dr. V\u00edctor Rodr\u00edguez P\u00e9rez | Centro Nacional para la Prevenci\u00f3n y el Control del VIH y el sida, CENSIDA | M\u00e9xico<\/p>\n\n\n\n<p><strong>Comit\u00e9 editorial<\/strong><\/p>\n\n\n\n<p>Dr. Alexis Ibarra Mart\u00ednez | Universidad Nacional Aut\u00f3noma de M\u00e9xico, FES\nIztacala | M\u00e9xico<\/p>\n\n\n\n<p>Mtra. Ana Magdalena Olgu\u00edn \u00c1ngeles | Instituto Polit\u00e9cnico Nacional, CICS\nSanto Tom\u00e1s | M\u00e9xico<\/p>\n\n\n\n<p>Dra. Edith Flores P\u00e9rez | Universidad Aut\u00f3noma Metropolitana Xochimilco |\nM\u00e9xico<\/p>\n\n\n\n<p>Mtra. Fabiola In\u00e9s Arellano Jim\u00e9nez | Terapeura familiar sist\u00e9mica | M\u00e9xico<\/p>\n\n\n\n<p>Dra. Georgina Castillo Casta\u00f1eda | Universidad Aut\u00f3noma de Nayarit | M\u00e9xico<\/p>\n\n\n\n<p>Dra. Iris X\u00f3chitl Galicia Moyeda | Universidad Nacional Aut\u00f3noma de M\u00e9xico,\nFES Iztacala | M\u00e9xico<\/p>\n\n\n\n<p>Mtro. Jos\u00e9 Rafael Alvarado Navarro | Bit\u00e1cora Social | M\u00e9xico<\/p>\n\n\n\n<p>Mtra. Juana In\u00e9s Soto Miranda | Centro Integral de Salud Mental, SSA |\nM\u00e9xico<\/p>\n\n\n\n<p>Dra. Julieta Marmo | Universidad de Flores | Argentina<\/p>\n\n\n\n<p>Mtra. L\u00eda Lourdes M\u00e1rquez P\u00e9rez | Universidad Aut\u00f3noma de Nayarit | M\u00e9xico<\/p>\n\n\n\n<p>Mtra. Ligia Esther Torres Burgos | Universidad Nacional Aut\u00f3noma de M\u00e9xico, FES Iztacala | M\u00e9xico<\/p>\n\n\n\n<p>Dra. Luc\u00eda P\u00e9rez S\u00e1nchez | Universidad Aut\u00f3noma de Nayarit | M\u00e9xico<\/p>\n\n\n\n<p>Dra. Marcela R\u00e1bago de \u00c1vila | Universidad Aut\u00f3noma de Nayarit | M\u00e9xico<\/p>\n\n\n\n<p>Dra. Marla Naiv\u00ed Toiber Rodr\u00edguez | Cl\u00ednica Especializada Condesa, SSA | M\u00e9xico<\/p>\n\n\n\n<p>Dra. Mirna Elizabeth Quezada | Universidad Nacional Aut\u00f3noma de M\u00e9xico, FES Iztacala | M\u00e9xico<\/p>\n\n\n\n<p>Dra. N\u00e9lida Padilla-G\u00e1mez | Universidad Nacional Aut\u00f3noma de M\u00e9xico, FES Iztacala | M\u00e9xico<\/p>\n\n\n\n<p>Lic. Oscar Giovanni Balderas Trejo &nbsp;| Universidad Nacional Aut\u00f3noma de M\u00e9xico, FES Iztacala | M\u00e9xico<\/p>\n\n\n\n<p>Dr. Oscar Iv\u00e1n Negrete-Rodr\u00edguez | Universidad Nacional Aut\u00f3noma de M\u00e9xico, FES Iztacala | M\u00e9xico<\/p>\n\n\n\n<p>Dra. Patricia Covarrubias Papahiu | Universidad Nacional Aut\u00f3noma de M\u00e9xico,\nFES Iztacala | M\u00e9xico<\/p>\n\n\n\n<p>Mtro. Rodrigo Murgu\u00eda Rodriguez | Instituto Tecnol\u00f3gico y de Estudios Superiores de Monterrey, ITESM | M\u00e9xico<\/p>\n\n\n\n<p>Dra. Xolyanetzin Montero Pardo | Universidad Aut\u00f3noma de Sinaloa | M\u00e9xico<\/p>\n\n\n\n<p>Mtra. Yu Hing Valeria Chuey Rosas | Fundaci\u00f3n Salomon Kozolchyk Youth, AC |\nM\u00e9xico<\/p>\n","protected":false},"excerpt":{"rendered":"<div class=\"mh-excerpt\"><p>Editor general Dr. Ricardo S\u00e1nchez-Medina | Universidad Nacional Aut\u00f3noma de M\u00e9xico, FES Iztacala | M\u00e9xico Editora asociada Mtra. Ofelia Desatnik Miechimsky | Universidad Nacional Aut\u00f3noma <a class=\"mh-excerpt-more\" href=\"https:\/\/www.gipps.org\/revistaredes\/equipo-editorial\/\" title=\"Equipo editorial\">[&#8230;]<\/a><\/p>\n<\/div>","protected":false},"author":1,"featured_media":0,"parent":0,"menu_order":0,"comment_status":"closed","ping_status":"closed","template":"","meta":[],"_links":{"self":[{"href":"https:\/\/www.gipps.org\/revistaredes\/wp-json\/wp\/v2\/pages\/9"}],"collection":[{"href":"https:\/\/www.gipps.org\/revistaredes\/wp-json\/wp\/v2\/pages"}],"about":[{"href":"https:\/\/www.gipps.org\/revistaredes\/wp-json\/wp\/v2\/types\/page"}],"author":[{"embeddable":true,"href":"https:\/\/www.gipps.org\/revistaredes\/wp-json\/wp\/v2\/users\/1"}],"replies":[{"embeddable":true,"href":"https:\/\/www.gipps.org\/revistaredes\/wp-json\/wp\/v2\/comments?post=9"}],"version-history":[{"count":23,"href":"https:\/\/www.gipps.org\/revistaredes\/wp-json\/wp\/v2\/pages\/9\/revisions"}],"predecessor-version":[{"id":1967,"href":"https:\/\/www.gipps.org\/revistaredes\/wp-json\/wp\/v2\/pages\/9\/revisions\/1967"}],"wp:attachment":[{"href":"https:\/\/www.gipps.org\/revistaredes\/wp-json\/wp\/v2\/media?parent=9"}],"curies":[{"name":"wp","href":"https:\/\/api.w.org\/{rel}","templated":true}]}}

<p><strong>Editor general</strong></p>



<p>Dr. Ricardo Sánchez-Medina | Universidad Nacional Autónoma de México, FES Iztacala | México</p>



<p><strong>Editora asociada</strong></p>



<p>Mtra. Ofelia Desatnik Miechimsky | Universidad Nacional Autónoma de México,
FES Iztacala | México</p>



<p><strong>Editores ejecutivos</strong></p>



<p>Dra. Consuelo Rubi Rosales Piña | Universidad Nacional Autónoma de México,
FES Iztacala | México</p>



<p>Dr. David Javier Enríquez-Negrete | Universidad Nacional Autónoma de México,
FES Iztacala | México</p>



<p>Dra. Esperanza Guarneros-Reyes | Universidad Nacional Autónoma de México,
FES Iztacala | México</p>



<p><strong>Editores técnicos</strong></p>



<p>Lic. Maria de los Ángeles Estrada Martínez | Universidad Nacional Autónoma
de México, FES Iztacala | México </p>



<p>Mtra. Dulce Maria Velasco Hernández | Universidad Nacional Autónoma de México, FES Iztacala | México</p>



<p>Mtra. Maura Zúñiga Rodríguez | Universidad Nacional Autónoma de México, FES Iztacala | México</p>



<p><strong>Consejo editorial</strong></p>



<p>Dra. Analia Verónica Losada | Universidad de Flores | Argentina</p>



<p>Dr. Arturo Silva-Rodríguez | Universidad Nacional Autónoma de México, FES
Iztacala | México</p>



<p>Mtra. Blanca Delia Arias García | Universidad Nacional Autónoma de México, FES Iztacala | México</p>



<p>Dr. Enrique Berra-Ruiz | Universidad Autónoma de Baja California, Escuela de Ciencias de la Salud | México</p>



<p>Dr. Francisco Javier Rosas Santiago | Universidad Veracruzana | México</p>



<p>Dr. Juan Carlos Plascencia de la Torre | Universidad de Guadalajara-CUALTOS | México</p>



<p>Dra. Laura Edith Perez Laborde | Universidad Nacional Autónoma de México, FES Iztacala | México</p>



<p>Dra. Sandra Muñoz-Maldonado | Universidad Nacional Autónoma de México, FES
Iztacala | México</p>



<p>Dra. Silvia Susana Robles Montijo | Universidad Nacional Autónoma de México,
FES Iztacala | México</p>



<p>Dr. Víctor Rodríguez Pérez | Centro Nacional para la Prevención y el Control del VIH y el sida, CENSIDA | México</p>



<p><strong>Comité editorial</strong></p>



<p>Dr. Alexis Ibarra Martínez | Universidad Nacional Autónoma de México, FES
Iztacala | México</p>



<p>Mtra. Ana Magdalena Olguín Ángeles | Instituto Politécnico Nacional, CICS
Santo Tomás | México</p>



<p>Dra. Edith Flores Pérez | Universidad Autónoma Metropolitana Xochimilco |
México</p>



<p>Mtra. Fabiola Inés Arellano Jiménez | Terapeura familiar sistémica | México</p>



<p>Dra. Georgina Castillo Castañeda | Universidad Autónoma de Nayarit | México</p>



<p>Dra. Iris Xóchitl Galicia Moyeda | Universidad Nacional Autónoma de México,
FES Iztacala | México</p>



<p>Mtro. José Rafael Alvarado Navarro | Bitácora Social | México</p>



<p>Mtra. Juana Inés Soto Miranda | Centro Integral de Salud Mental, SSA |
México</p>



<p>Dra. Julieta Marmo | Universidad de Flores | Argentina</p>



<p>Mtra. Lía Lourdes Márquez Pérez | Universidad Autónoma de Nayarit | México</p>



<p>Mtra. Ligia Esther Torres Burgos | Universidad Nacional Autónoma de México, FES Iztacala | México</p>



<p>Dra. Lucía Pérez Sánchez | Universidad Autónoma de Nayarit | México</p>



<p>Dra. Marcela Rábago de Ávila | Universidad Autónoma de Nayarit | México</p>



<p>Dra. Marla Naiví Toiber Rodríguez | Clínica Especializada Condesa, SSA | México</p>



<p>Dra. Mirna Elizabeth Quezada | Universidad Nacional Autónoma de México, FES Iztacala | México</p>



<p>Dra. Nélida Padilla-Gámez | Universidad Nacional Autónoma de México, FES Iztacala | México</p>



<p>Lic. Oscar Giovanni Balderas Trejo &nbsp;| Universidad Nacional Autónoma de México, FES Iztacala | México</p>



<p>Dr. Oscar Iván Negrete-Rodríguez | Universidad Nacional Autónoma de México, FES Iztacala | México</p>



<p>Dra. Patricia Covarrubias Papahiu | Universidad Nacional Autónoma de México,
FES Iztacala | México</p>



<p>Mtro. Rodrigo Murguía Rodriguez | Instituto Tecnológico y de Estudios Superiores de Monterrey, ITESM | México</p>



<p>Dra. Xolyanetzin Montero Pardo | Universidad Autónoma de Sinaloa | México</p>



<p>Mtra. Yu Hing Valeria Chuey Rosas | Fundación Salomon Kozolchyk Youth, AC |
México</p>

<div class="mh-excerpt"><p>Editor general Dr. Ricardo Sánchez-Medina | Universidad Nacional Autónoma de México, FES Iztacala | México Editora asociada Mtra. Ofelia Desatnik Miechimsky | Universidad Nacional Autónoma <a class="mh-excerpt-more" href="https://www.gipps.org/revistaredes/equipo-editorial/" title="Equipo editorial">[&#8230;]</a></p>
</div>
