{"id":735,"date":"2021-12-16T17:18:27","date_gmt":"2021-12-16T17:18:27","guid":{"rendered":"http:\/\/www.gipps.org\/revistaredes\/?page_id=735"},"modified":"2021-12-16T18:58:07","modified_gmt":"2021-12-16T18:58:07","slug":"volumen-3-numero-2-2021","status":"publish","type":"page","link":"https:\/\/www.gipps.org\/revistaredes\/volumen-3-numero-2-2021\/","title":{"rendered":"Volumen 3 | N\u00famero 2 | 2021"},"content":{"rendered":"\n<p><strong>DOI<\/strong>:  https:\/\/doi.org\/10.22402\/j.redes.unam.3.2.2021 <\/p>\n\n\n\n<p><strong>Presentaci\u00f3n del n\u00famero<\/strong> <\/p>\n\n\n\n<p><a href=\"http:\/\/www.gipps.org\/revistaredes\/presentacion-numero\/retos-actuales-en-la-crianza-de-los-hijos-presentacion-del-numero-2\/\"> RETOS EN LA FORMACI\u00d3N DE NI\u00d1OS Y ADOLESCENTES <\/a><\/p>\n\n\n\n<p>Dra. Esperanza Guarneros Reyes, Editora ejecutiva<\/p>\n\n\n\n<p><strong>Investigaci\u00f3n<\/strong> <\/p>\n\n\n\n<p><a href=\"http:\/\/www.gipps.org\/revistaredes\/investigacion\/con-que-discursos-se-brinda-prevencion-del-abuso-sexual-infantil-la-educacion-sexual-y-genero\/\">\u00bfCON QU\u00c9 DISCURSOS SE BRINDA PREVENCI\u00d3N DEL ABUSO SEXUAL INFANTIL, LA EDUCACI\u00d3N SEXUAL Y G\u00c9NERO?<\/a><\/p>\n\n\n\n<p>Dra. Guadalupe N\u00e9lida Hern\u00e1ndez Guajardo|Estancia Postdoctoral en el Instituto Nacional\nde Salud P\u00fablica (INSP) <\/p>\n\n\n\n<p><strong>An\u00e1lisis<\/strong> <\/p>\n\n\n\n<p><a href=\"http:\/\/www.gipps.org\/revistaredes\/analisis\/por-que-una-terapia-centrada-en-los-derechos-de-ninos-ninas-y-adolescentes\/\">\u00bfPOR QU\u00c9 UNA TERAPIA CENTRADA EN LOS DERECHOS DE NI\u00d1OS, NI\u00d1AS Y ADOLESCENTES?<\/a><\/p>\n\n\n\n<p>Mtro. Erik Godinez Loera|INFASI ACT, Facultad de Estudios\nSuperiores Iztacala, UNAM <\/p>\n\n\n\n<p><a href=\"http:\/\/www.gipps.org\/revistaredes\/analisis\/educacion-inclusiva-para-ninos-y-adolescentes-rumbo-a-2030\/\">EDUCACI\u00d3N INCLUSIVA PARA NI\u00d1AS, NI\u00d1OS Y ADOLESCENTES, RUMBO A 2030<\/a><\/p>\n\n\n\n<p>Dra. Edith Alejandra P\u00e9rez M\u00e1rquez|Universidad Aut\u00f3noma de\nZacatecas <\/p>\n\n\n\n<p><a href=\"http:\/\/www.gipps.org\/revistaredes\/analisis\/retos-en-la-formacion-de-ninos-y-adolescentes\/\">RETOS EN LA FORMACI\u00d3N DE NI\u00d1AS, NI\u00d1OS Y ADOLESCENTES <\/a><\/p>\n\n\n\n<p>Lic. Diana Karina Cervantes Navarro|Profesionista independiente <\/p>\n\n\n\n<p><a href=\"http:\/\/www.gipps.org\/revistaredes\/analisis\/adolescencia-cual-es-la-importancia-de-la-presencialidad-en-tiempos-de-pandemia\/\">ADOLESCENCIA: \u00bfCU\u00c1L ES LA IMPORTANCIA DE LA PRESENCIALIDAD EN TIEMPOS DE PANDEMIA? <\/a><\/p>\n\n\n\n<p>Mtra. Yu Hing Valeria Chuey Rosas y Mirta Kozolchyk|Fundaci\u00f3n SKY, A. C. <\/p>\n\n\n\n<p><a href=\"http:\/\/www.gipps.org\/revistaredes\/analisis\/habitos-de-estudio-de-los-estudiantes-de-secundaria-durante-la-pandemia\/\">H\u00c1BITOS DE ESTUDIO DE LOS ESTUDIANTES DE SECUNDARIA DURANTE LA PANDEMIA<\/a><\/p>\n\n\n\n<p>Lic. Eunice Guadalupe Ch\u00e1vez Ju\u00e1rez y Dra. Silvia del\nCarmen Miramontes Zapata|Universidad Aut\u00f3noma de Zacatecas <\/p>\n\n\n\n<p><a href=\"http:\/\/www.gipps.org\/revistaredes\/analisis\/la-masculinidad-contemporanea-y-los-desafios-para-su-constitucion\/\">LA MASCULINIDAD CONTEMPOR\u00c1NEA Y LOS DESAF\u00cdOS PARA SU CONSTITUCI\u00d3N<\/a><\/p>\n\n\n\n<p>Dra. Alma Minerva Moreno Puente y Dra. Estela Reveles\nRodr\u00edguez|Universidad Aut\u00f3noma de Zacatecas <\/p>\n\n\n\n<p><a href=\"http:\/\/www.gipps.org\/revistaredes\/analisis\/por-que-es-importante-que-las-y-los-ninos-comprendan-la-economia-aproximacion-desde-la-psicologia\/\">\u00bfPOR QU\u00c9 ES IMPORTANTE QUE LAS NI\u00d1AS Y LOS NI\u00d1OS COMPRENDAN LA ECONOM\u00cdA? UNA APROXIMACI\u00d3N DESDE LA PSICOLOG\u00cdA<\/a><\/p>\n\n\n\n<p>Dra. Rosal\u00eda de la Vega Guzm\u00e1n|Universidad Michoacana de\u202fSan\nNicol\u00e1s de Hidalgo <\/p>\n\n\n\n<p><strong>Entrevista<\/strong> <\/p>\n\n\n\n<p><a href=\"http:\/\/www.gipps.org\/revistaredes\/entrevista\/hablando-del-abuso-sexual-infantil\/\">HABLANDO DEL ABUSO SEXUAL INFANTIL<\/a><\/p>\n\n\n\n<p>Dra. Anal\u00eda Ver\u00f3nica Losada|Universidad de Flores, Argentina <\/p>\n\n\n\n<p>Por Maria de los Angeles Estrada\nMartinez<\/p>\n\n\n\n<p><strong>Estudio\nde caso<\/strong> <\/p>\n\n\n\n<p><a href=\"http:\/\/www.gipps.org\/revistaredes\/estudio-de-caso\/la-narrativa-es-una-opcion-terapeutica-para-la-atencion-de-un-adolescente-con-ideas-suicidas\/\">\u00bfLA NARRATIVA ES UNA OPCI\u00d3N TERAP\u00c9UTICA PARA LA ATENCI\u00d3N DE UN ADOLESCENTE CON IDEAS SUICIDAS?<\/a><\/p>\n\n\n\n<p>Mtra. Oralia Espinoza Montiel|Facultad de Estudios Superiores\nIztacala, UNAM <\/p>\n\n\n\n<p><a href=\"http:\/\/www.gipps.org\/revistaredes\/estudio-de-caso\/quienes-son-los-hijos-telemaco-estudio-de-caso\/\">\u00bfQU\u00c9 SON LOS HIJOS TEL\u00c9MACO? ESTUDIO DE CASO<\/a><\/p>\n\n\n\n<p>Dra. Estela Reveles Rodr\u00edguez y Dra. Alma Minerva Moreno\nPuente|Universidad Aut\u00f3noma de Zacatecas <\/p>\n\n\n\n<p><strong>Recomendaciones<\/strong> <\/p>\n\n\n\n<p><a href=\"http:\/\/www.gipps.org\/revistaredes\/recomendaciones\/se-puede-gestionar-el-dolor-recomendaciones-para-padres\/\">\u00bfSE PUEDE GESTIONAR EL DOLOR? RECOMENDACIONES PARA PADRES <\/a><\/p>\n\n\n\n<p>Dra. Juana Bengoa Gonz\u00e1lez|Facultad de Estudios Superiores\nZaragoza, UNAM <\/p>\n\n\n\n<p><a href=\"http:\/\/www.gipps.org\/revistaredes\/recomendaciones\/como-convertirte-en-el-superheroe-heroina-que-deseas-ser\/\">\u00bfC\u00d3MO CONVERTIRTE EN EL SUPERH\u00c9ROE\/HERO\u00cdNA QUE DESEAS SER? <\/a><\/p>\n\n\n\n<p>Dr. Francisco Javier Robles Ojeda|Facultad de Estudios Superiores\nIztacala, UNAM <\/p>\n\n\n\n<p><a href=\"http:\/\/www.gipps.org\/revistaredes\/recomendaciones\/por-que-es-importante-la-mediacion-parental-en-dispositivos-digitales-en-tiempos-de-covid-19\/\">\u00bfPOR QU\u00c9 ES IMPORTANTE LA MEDIACI\u00d3N PARENTAL EN DISPOSITIVOS DIGITALES EN TIEMPOS DE COVID-19?<\/a><\/p>\n\n\n\n<p>Lic. Miriam Paola Semhan Guzm\u00e1n|Profesionista Independiente <\/p>\n\n\n\n<p>Dra. Esperanza Guarneros Reyes|Facultad de Estudios Superiores\nIztacala, UNAM <\/p>\n","protected":false},"excerpt":{"rendered":"<div class=\"mh-excerpt\"><p>DOI: https:\/\/doi.org\/10.22402\/j.redes.unam.3.2.2021 Presentaci\u00f3n del n\u00famero RETOS EN LA FORMACI\u00d3N DE NI\u00d1OS Y ADOLESCENTES Dra. Esperanza Guarneros Reyes, Editora ejecutiva Investigaci\u00f3n \u00bfCON QU\u00c9 DISCURSOS SE BRINDA <a class=\"mh-excerpt-more\" href=\"https:\/\/www.gipps.org\/revistaredes\/volumen-3-numero-2-2021\/\" title=\"Volumen 3 | N\u00famero 2 | 2021\">[&#8230;]<\/a><\/p>\n<\/div>","protected":false},"author":1,"featured_media":0,"parent":0,"menu_order":0,"comment_status":"closed","ping_status":"closed","template":"","meta":[],"_links":{"self":[{"href":"https:\/\/www.gipps.org\/revistaredes\/wp-json\/wp\/v2\/pages\/735"}],"collection":[{"href":"https:\/\/www.gipps.org\/revistaredes\/wp-json\/wp\/v2\/pages"}],"about":[{"href":"https:\/\/www.gipps.org\/revistaredes\/wp-json\/wp\/v2\/types\/page"}],"author":[{"embeddable":true,"href":"https:\/\/www.gipps.org\/revistaredes\/wp-json\/wp\/v2\/users\/1"}],"replies":[{"embeddable":true,"href":"https:\/\/www.gipps.org\/revistaredes\/wp-json\/wp\/v2\/comments?post=735"}],"version-history":[{"count":11,"href":"https:\/\/www.gipps.org\/revistaredes\/wp-json\/wp\/v2\/pages\/735\/revisions"}],"predecessor-version":[{"id":789,"href":"https:\/\/www.gipps.org\/revistaredes\/wp-json\/wp\/v2\/pages\/735\/revisions\/789"}],"wp:attachment":[{"href":"https:\/\/www.gipps.org\/revistaredes\/wp-json\/wp\/v2\/media?parent=735"}],"curies":[{"name":"wp","href":"https:\/\/api.w.org\/{rel}","templated":true}]}}

Volumen 3 | Número 2 | 2021

<p><strong>DOI</strong>:  https://doi.org/10.22402/j.redes.unam.3.2.2021 </p>



<p><strong>Presentación del número</strong> </p>



<p><a href="http://www.gipps.org/revistaredes/presentacion-numero/retos-actuales-en-la-crianza-de-los-hijos-presentacion-del-numero-2/"> RETOS EN LA FORMACIÓN DE NIÑOS Y ADOLESCENTES </a></p>



<p>Dra. Esperanza Guarneros Reyes, Editora ejecutiva</p>



<p><strong>Investigación</strong> </p>



<p><a href="http://www.gipps.org/revistaredes/investigacion/con-que-discursos-se-brinda-prevencion-del-abuso-sexual-infantil-la-educacion-sexual-y-genero/">¿CON QUÉ DISCURSOS SE BRINDA PREVENCIÓN DEL ABUSO SEXUAL INFANTIL, LA EDUCACIÓN SEXUAL Y GÉNERO?</a></p>



<p>Dra. Guadalupe Nélida Hernández Guajardo|Estancia Postdoctoral en el Instituto Nacional
de Salud Pública (INSP) </p>



<p><strong>Análisis</strong> </p>



<p><a href="http://www.gipps.org/revistaredes/analisis/por-que-una-terapia-centrada-en-los-derechos-de-ninos-ninas-y-adolescentes/">¿POR QUÉ UNA TERAPIA CENTRADA EN LOS DERECHOS DE NIÑOS, NIÑAS Y ADOLESCENTES?</a></p>



<p>Mtro. Erik Godinez Loera|INFASI ACT, Facultad de Estudios
Superiores Iztacala, UNAM </p>



<p><a href="http://www.gipps.org/revistaredes/analisis/educacion-inclusiva-para-ninos-y-adolescentes-rumbo-a-2030/">EDUCACIÓN INCLUSIVA PARA NIÑAS, NIÑOS Y ADOLESCENTES, RUMBO A 2030</a></p>



<p>Dra. Edith Alejandra Pérez Márquez|Universidad Autónoma de
Zacatecas </p>



<p><a href="http://www.gipps.org/revistaredes/analisis/retos-en-la-formacion-de-ninos-y-adolescentes/">RETOS EN LA FORMACIÓN DE NIÑAS, NIÑOS Y ADOLESCENTES </a></p>



<p>Lic. Diana Karina Cervantes Navarro|Profesionista independiente </p>



<p><a href="http://www.gipps.org/revistaredes/analisis/adolescencia-cual-es-la-importancia-de-la-presencialidad-en-tiempos-de-pandemia/">ADOLESCENCIA: ¿CUÁL ES LA IMPORTANCIA DE LA PRESENCIALIDAD EN TIEMPOS DE PANDEMIA? </a></p>



<p>Mtra. Yu Hing Valeria Chuey Rosas y Mirta Kozolchyk|Fundación SKY, A. C. </p>



<p><a href="http://www.gipps.org/revistaredes/analisis/habitos-de-estudio-de-los-estudiantes-de-secundaria-durante-la-pandemia/">HÁBITOS DE ESTUDIO DE LOS ESTUDIANTES DE SECUNDARIA DURANTE LA PANDEMIA</a></p>



<p>Lic. Eunice Guadalupe Chávez Juárez y Dra. Silvia del
Carmen Miramontes Zapata|Universidad Autónoma de Zacatecas </p>



<p><a href="http://www.gipps.org/revistaredes/analisis/la-masculinidad-contemporanea-y-los-desafios-para-su-constitucion/">LA MASCULINIDAD CONTEMPORÁNEA Y LOS DESAFÍOS PARA SU CONSTITUCIÓN</a></p>



<p>Dra. Alma Minerva Moreno Puente y Dra. Estela Reveles
Rodríguez|Universidad Autónoma de Zacatecas </p>



<p><a href="http://www.gipps.org/revistaredes/analisis/por-que-es-importante-que-las-y-los-ninos-comprendan-la-economia-aproximacion-desde-la-psicologia/">¿POR QUÉ ES IMPORTANTE QUE LAS NIÑAS Y LOS NIÑOS COMPRENDAN LA ECONOMÍA? UNA APROXIMACIÓN DESDE LA PSICOLOGÍA</a></p>



<p>Dra. Rosalía de la Vega Guzmán|Universidad Michoacana de San
Nicolás de Hidalgo </p>



<p><strong>Entrevista</strong> </p>



<p><a href="http://www.gipps.org/revistaredes/entrevista/hablando-del-abuso-sexual-infantil/">HABLANDO DEL ABUSO SEXUAL INFANTIL</a></p>



<p>Dra. Analía Verónica Losada|Universidad de Flores, Argentina </p>



<p>Por Maria de los Angeles Estrada
Martinez</p>



<p><strong>Estudio
de caso</strong> </p>



<p><a href="http://www.gipps.org/revistaredes/estudio-de-caso/la-narrativa-es-una-opcion-terapeutica-para-la-atencion-de-un-adolescente-con-ideas-suicidas/">¿LA NARRATIVA ES UNA OPCIÓN TERAPÉUTICA PARA LA ATENCIÓN DE UN ADOLESCENTE CON IDEAS SUICIDAS?</a></p>



<p>Mtra. Oralia Espinoza Montiel|Facultad de Estudios Superiores
Iztacala, UNAM </p>



<p><a href="http://www.gipps.org/revistaredes/estudio-de-caso/quienes-son-los-hijos-telemaco-estudio-de-caso/">¿QUÉ SON LOS HIJOS TELÉMACO? ESTUDIO DE CASO</a></p>



<p>Dra. Estela Reveles Rodríguez y Dra. Alma Minerva Moreno
Puente|Universidad Autónoma de Zacatecas </p>



<p><strong>Recomendaciones</strong> </p>



<p><a href="http://www.gipps.org/revistaredes/recomendaciones/se-puede-gestionar-el-dolor-recomendaciones-para-padres/">¿SE PUEDE GESTIONAR EL DOLOR? RECOMENDACIONES PARA PADRES </a></p>



<p>Dra. Juana Bengoa González|Facultad de Estudios Superiores
Zaragoza, UNAM </p>



<p><a href="http://www.gipps.org/revistaredes/recomendaciones/como-convertirte-en-el-superheroe-heroina-que-deseas-ser/">¿CÓMO CONVERTIRTE EN EL SUPERHÉROE/HEROÍNA QUE DESEAS SER? </a></p>



<p>Dr. Francisco Javier Robles Ojeda|Facultad de Estudios Superiores
Iztacala, UNAM </p>



<p><a href="http://www.gipps.org/revistaredes/recomendaciones/por-que-es-importante-la-mediacion-parental-en-dispositivos-digitales-en-tiempos-de-covid-19/">¿POR QUÉ ES IMPORTANTE LA MEDIACIÓN PARENTAL EN DISPOSITIVOS DIGITALES EN TIEMPOS DE COVID-19?</a></p>



<p>Lic. Miriam Paola Semhan Guzmán|Profesionista Independiente </p>



<p>Dra. Esperanza Guarneros Reyes|Facultad de Estudios Superiores
Iztacala, UNAM </p>

<div class="mh-excerpt"><p>DOI: https://doi.org/10.22402/j.redes.unam.3.2.2021 Presentación del número RETOS EN LA FORMACIÓN DE NIÑOS Y ADOLESCENTES Dra. Esperanza Guarneros Reyes, Editora ejecutiva Investigación ¿CON QUÉ DISCURSOS SE BRINDA <a class="mh-excerpt-more" href="https://www.gipps.org/revistaredes/volumen-3-numero-2-2021/" title="Volumen 3 | Número 2 | 2021">[&#8230;]</a></p>
</div>
