{"id":508,"date":"2020-12-21T19:02:03","date_gmt":"2020-12-21T19:02:03","guid":{"rendered":"http:\/\/www.gipps.org\/revistaredes\/?page_id=508"},"modified":"2021-06-17T18:19:58","modified_gmt":"2021-06-17T18:19:58","slug":"volumen-2-numero-2-2020","status":"publish","type":"page","link":"https:\/\/www.gipps.org\/revistaredes\/volumen-2-numero-2-2020\/","title":{"rendered":"Volumen 2 | N\u00famero 2 | 2020"},"content":{"rendered":"\n<p><strong>DOI<\/strong>:  https:\/\/doi.org\/10.22402\/j.redes.unam.2.2.2020 <\/p>\n\n\n\n<p><a href=\"http:\/\/www.gipps.org\/revistaredes\/presentacion-numero\/retos-para-mejorar-la-calidad-de-vida-proceso-de-salud-enfermedad-presentacion-del-numero\/\">RETOS PARA MEJORAR LA CALIDAD DE VIDA. PROCESO DE SALUD ENFERMEDAD. PRESENTACI\u00d3N DEL N\u00daMERO&nbsp;<\/a><\/p>\n\n\n\n<p>Dra. Consuelo&nbsp;Rubi&nbsp;Rosales Pi\u00f1a, Editora ejecutiva&nbsp;<\/p>\n\n\n\n<p><strong>Investigaci\u00f3n<\/strong><\/p>\n\n\n\n<p><a href=\"http:\/\/www.gipps.org\/revistaredes\/investigacion\/experiencias-de-hombres-diagnosticados-con-el-virus-de-papiloma-humano\/\">EXPERIENCIAS DE HOMBRES DIAGNOSTICADOS CON EL VIRUS DE PAPILOMA HUMANO&nbsp;<\/a><\/p>\n\n\n\n<p>Lic. Jessica Escalante Gonz\u00e1lez&nbsp;|&nbsp;Facultad de Estudios Superiores Iztacala, UNAM<\/p>\n\n\n\n<p><a href=\"http:\/\/www.gipps.org\/revistaredes\/investigacion\/una-percepcion-negativa-de-la-enfermedad-renal-cronica-favorece-la-depresion-y-una-pobre-calidad-de-vida\/\">\u00bfUNA PERCEPCI\u00d3N NEGATIVA DE LA ENFERMEDAD RENAL CR\u00d3NICA FAVORECE LA DEPRESI\u00d3N Y UNA POBRE CALIDAD DE VIDA?&nbsp;<\/a><\/p>\n\n\n\n<p>Mtro. Isa\u00edas Vicente Lugo Gonz\u00e1lez&nbsp;y Dr.&nbsp;Leonardo Reynoso-Erazo&nbsp;|&nbsp;Facultad de Estudios Superiores Iztacala, UNAM<\/p>\n\n\n\n<p><strong>An\u00e1lisis<\/strong>&nbsp;<\/p>\n\n\n\n<p><a href=\"http:\/\/www.gipps.org\/revistaredes\/analisis\/trastornos-de-la-conducta-alimenticia-despues-del-embarazo\/\">TRASTORNOS DE LA CONDUCTA ALIMENTICIA DESPU\u00c9S DEL EMBARAZO<\/a>&nbsp;<\/p>\n\n\n\n<p>Lic.&nbsp;Diana Karina Cervantes Navarro |&nbsp;Profesionista independiente&nbsp;<\/p>\n\n\n\n<p><strong>Entrevista<\/strong><\/p>\n\n\n\n<p><a href=\"http:\/\/www.gipps.org\/revistaredes\/entrevista\/importancia-del-trabajo-del-psicologo-de-la-salud-en-el-siglo-xxi-una-charla-con-el-dr-juan-jose-sanchez-sosa\/\">IMPORTANCIA DEL TRABAJO DEL PSIC\u00d3LOGO DE LA SALUD EN EL SIGLO XXI<\/a><\/p>\n\n\n\n<p>Dr. Juan Jos\u00e9 S\u00e1nchez Sosa |&nbsp;Facultad de Psicolog\u00eda, UNAM&nbsp;<\/p>\n\n\n\n<p>Por Oscar Iv\u00e1n Negrete Rodr\u00edguez&nbsp;&nbsp;<\/p>\n\n\n\n<p><strong>Recomendaciones<\/strong>&nbsp;<\/p>\n\n\n\n<p><a href=\"http:\/\/www.gipps.org\/revistaredes\/recomendaciones\/salud-mental-la-pandemia-del-2020-nueva-normalidad\/\">SALUD MENTAL, LA PANDEMIA DEL 2020: \u00bfNUEVA&nbsp;NORMALIDAD?&nbsp;<\/a><\/p>\n\n\n\n<p>Dr. V\u00edctor Rodr\u00edguez P\u00e9rez |&nbsp;Cl\u00ednica Especializada Condesa, SSA.<\/p>\n","protected":false},"excerpt":{"rendered":"<div class=\"mh-excerpt\"><p>DOI: https:\/\/doi.org\/10.22402\/j.redes.unam.2.2.2020 RETOS PARA MEJORAR LA CALIDAD DE VIDA. PROCESO DE SALUD ENFERMEDAD. PRESENTACI\u00d3N DEL N\u00daMERO&nbsp; Dra. Consuelo&nbsp;Rubi&nbsp;Rosales Pi\u00f1a, Editora ejecutiva&nbsp; Investigaci\u00f3n EXPERIENCIAS DE HOMBRES <a class=\"mh-excerpt-more\" href=\"https:\/\/www.gipps.org\/revistaredes\/volumen-2-numero-2-2020\/\" title=\"Volumen 2 | N\u00famero 2 | 2020\">[&#8230;]<\/a><\/p>\n<\/div>","protected":false},"author":1,"featured_media":0,"parent":0,"menu_order":0,"comment_status":"closed","ping_status":"closed","template":"","meta":[],"_links":{"self":[{"href":"https:\/\/www.gipps.org\/revistaredes\/wp-json\/wp\/v2\/pages\/508"}],"collection":[{"href":"https:\/\/www.gipps.org\/revistaredes\/wp-json\/wp\/v2\/pages"}],"about":[{"href":"https:\/\/www.gipps.org\/revistaredes\/wp-json\/wp\/v2\/types\/page"}],"author":[{"embeddable":true,"href":"https:\/\/www.gipps.org\/revistaredes\/wp-json\/wp\/v2\/users\/1"}],"replies":[{"embeddable":true,"href":"https:\/\/www.gipps.org\/revistaredes\/wp-json\/wp\/v2\/comments?post=508"}],"version-history":[{"count":5,"href":"https:\/\/www.gipps.org\/revistaredes\/wp-json\/wp\/v2\/pages\/508\/revisions"}],"predecessor-version":[{"id":603,"href":"https:\/\/www.gipps.org\/revistaredes\/wp-json\/wp\/v2\/pages\/508\/revisions\/603"}],"wp:attachment":[{"href":"https:\/\/www.gipps.org\/revistaredes\/wp-json\/wp\/v2\/media?parent=508"}],"curies":[{"name":"wp","href":"https:\/\/api.w.org\/{rel}","templated":true}]}}

Volumen 2 | Número 2 | 2020

<p><strong>DOI</strong>:  https://doi.org/10.22402/j.redes.unam.2.2.2020 </p>



<p><a href="http://www.gipps.org/revistaredes/presentacion-numero/retos-para-mejorar-la-calidad-de-vida-proceso-de-salud-enfermedad-presentacion-del-numero/">RETOS PARA MEJORAR LA CALIDAD DE VIDA. PROCESO DE SALUD ENFERMEDAD. PRESENTACIÓN DEL NÚMERO&nbsp;</a></p>



<p>Dra. Consuelo&nbsp;Rubi&nbsp;Rosales Piña, Editora ejecutiva&nbsp;</p>



<p><strong>Investigación</strong></p>



<p><a href="http://www.gipps.org/revistaredes/investigacion/experiencias-de-hombres-diagnosticados-con-el-virus-de-papiloma-humano/">EXPERIENCIAS DE HOMBRES DIAGNOSTICADOS CON EL VIRUS DE PAPILOMA HUMANO&nbsp;</a></p>



<p>Lic. Jessica Escalante González&nbsp;|&nbsp;Facultad de Estudios Superiores Iztacala, UNAM</p>



<p><a href="http://www.gipps.org/revistaredes/investigacion/una-percepcion-negativa-de-la-enfermedad-renal-cronica-favorece-la-depresion-y-una-pobre-calidad-de-vida/">¿UNA PERCEPCIÓN NEGATIVA DE LA ENFERMEDAD RENAL CRÓNICA FAVORECE LA DEPRESIÓN Y UNA POBRE CALIDAD DE VIDA?&nbsp;</a></p>



<p>Mtro. Isaías Vicente Lugo González&nbsp;y Dr.&nbsp;Leonardo Reynoso-Erazo&nbsp;|&nbsp;Facultad de Estudios Superiores Iztacala, UNAM</p>



<p><strong>Análisis</strong>&nbsp;</p>



<p><a href="http://www.gipps.org/revistaredes/analisis/trastornos-de-la-conducta-alimenticia-despues-del-embarazo/">TRASTORNOS DE LA CONDUCTA ALIMENTICIA DESPUÉS DEL EMBARAZO</a>&nbsp;</p>



<p>Lic.&nbsp;Diana Karina Cervantes Navarro |&nbsp;Profesionista independiente&nbsp;</p>



<p><strong>Entrevista</strong></p>



<p><a href="http://www.gipps.org/revistaredes/entrevista/importancia-del-trabajo-del-psicologo-de-la-salud-en-el-siglo-xxi-una-charla-con-el-dr-juan-jose-sanchez-sosa/">IMPORTANCIA DEL TRABAJO DEL PSICÓLOGO DE LA SALUD EN EL SIGLO XXI</a></p>



<p>Dr. Juan José Sánchez Sosa |&nbsp;Facultad de Psicología, UNAM&nbsp;</p>



<p>Por Oscar Iván Negrete Rodríguez&nbsp;&nbsp;</p>



<p><strong>Recomendaciones</strong>&nbsp;</p>



<p><a href="http://www.gipps.org/revistaredes/recomendaciones/salud-mental-la-pandemia-del-2020-nueva-normalidad/">SALUD MENTAL, LA PANDEMIA DEL 2020: ¿NUEVA&nbsp;NORMALIDAD?&nbsp;</a></p>



<p>Dr. Víctor Rodríguez Pérez |&nbsp;Clínica Especializada Condesa, SSA.</p>

<div class="mh-excerpt"><p>DOI: https://doi.org/10.22402/j.redes.unam.2.2.2020 RETOS PARA MEJORAR LA CALIDAD DE VIDA. PROCESO DE SALUD ENFERMEDAD. PRESENTACIÓN DEL NÚMERO&nbsp; Dra. Consuelo&nbsp;Rubi&nbsp;Rosales Piña, Editora ejecutiva&nbsp; Investigación EXPERIENCIAS DE HOMBRES <a class="mh-excerpt-more" href="https://www.gipps.org/revistaredes/volumen-2-numero-2-2020/" title="Volumen 2 | Número 2 | 2020">[&#8230;]</a></p>
</div>
