{"id":1701,"date":"2025-01-23T21:16:57","date_gmt":"2025-01-23T21:16:57","guid":{"rendered":"https:\/\/www.gipps.org\/revistaredes\/?page_id=1701"},"modified":"2025-01-23T21:16:58","modified_gmt":"2025-01-23T21:16:58","slug":"volumen-7-numero-1-2025","status":"publish","type":"page","link":"https:\/\/www.gipps.org\/revistaredes\/volumen-7-numero-1-2025\/","title":{"rendered":"Volumen 7 | N\u00famero 1 | 2025"},"content":{"rendered":"\n<p><strong>DOI<\/strong>: https:\/\/doi.org\/10.22402\/j.rdcrfp.unam.7.1.2025<\/p>\n\n\n\n<p><strong>Presentaci\u00f3n del n\u00famero<\/strong><\/p>\n\n\n\n<p><a href=\"https:\/\/www.gipps.org\/revistaredes\/presentacion-numero\/terapia-familiar-sistemica-25-anos-de-transformacion-y-crecimiento-en-la-practica-clinica\/\" data-type=\"URL\" data-id=\"https:\/\/www.gipps.org\/revistaredes\/presentacion-numero\/terapia-familiar-sistemica-25-anos-de-transformacion-y-crecimiento-en-la-practica-clinica\/\" target=\"_blank\" rel=\"noreferrer noopener\">TERAPIA FAMILIAR SIST\u00c9MICA: 25 A\u00d1OS DE TRANSFORMACI\u00d3N Y CRECIMIENTO EN LA PR\u00c1CTICA CL\u00cdNICA<\/a><\/p>\n\n\n\n<p>Dr. Ricardo S\u00e1nchez-Medina | Editor general de la revista<\/p>\n\n\n\n<p><strong>Investigaci\u00f3n<\/strong><\/p>\n\n\n\n<p><a href=\"https:\/\/www.gipps.org\/revistaredes\/investigacion\/ambiente-seguro-y-libre-de-violencia-en-la-universidad\/\" data-type=\"URL\" data-id=\"https:\/\/www.gipps.org\/revistaredes\/investigacion\/ambiente-seguro-y-libre-de-violencia-en-la-universidad\/\" target=\"_blank\" rel=\"noreferrer noopener\">\u00bfAMBIENTE SEGURO Y LIBRE DE VIOLENCIA EN LA UNIVERSIDAD?<\/a><\/p>\n\n\n\n<p>Dra. Laura Evelia Torres Vel\u00e1zquez | Facultad de Estudios Superiores Iztacala, UNAM<\/p>\n\n\n\n<p><strong>An\u00e1lisis<\/strong><\/p>\n\n\n\n<p><a href=\"https:\/\/www.gipps.org\/revistaredes\/analisis\/que-aporta-la-mirada-del-modelo-ifs1-al-trabajo-de-externalizacion-de-la-practica-narrativa\/\" data-type=\"URL\" data-id=\"https:\/\/www.gipps.org\/revistaredes\/analisis\/que-aporta-la-mirada-del-modelo-ifs1-al-trabajo-de-externalizacion-de-la-practica-narrativa\/\" target=\"_blank\" rel=\"noreferrer noopener\">\u00bfQU\u00c9 APORTA LA MIRADA DEL MODELO IFS AL TRABAJO DE EXTERNALIZACI\u00d3N DE LA PR\u00c1CTICA NARRATIVA?<\/a><\/p>\n\n\n\n<p>Dra. Argelia G\u00f3mez \u00c1vila | Facultad de Estudios Superiores Iztacala, UNAM<\/p>\n\n\n\n<p><a href=\"https:\/\/www.gipps.org\/revistaredes\/analisis\/como-puede-ayudar-la-perspectiva-sistemica-en-la-transformacion-positiva-de-contextos-vulnerables\/\" data-type=\"URL\" data-id=\"https:\/\/www.gipps.org\/revistaredes\/analisis\/como-puede-ayudar-la-perspectiva-sistemica-en-la-transformacion-positiva-de-contextos-vulnerables\/\" target=\"_blank\" rel=\"noreferrer noopener\">\u00bfC\u00d3MO PUEDE AYUDAR LA PERSPECTIVA SIST\u00c9MICA EN LA TRANSFORMACI\u00d3N POSITIVA DE CONTEXTOS VULNERABLES?<\/a><\/p>\n\n\n\n<p>Mtra. Ligia Esther Torres Burgos | Facultad de Estudios Superiores Iztacala, UNAM<\/p>\n\n\n\n<p><a href=\"https:\/\/www.gipps.org\/revistaredes\/analisis\/cuales-son-los-retos-que-enfrentan-las-terapias-relacionales\/\" data-type=\"URL\" data-id=\"https:\/\/www.gipps.org\/revistaredes\/analisis\/cuales-son-los-retos-que-enfrentan-las-terapias-relacionales\/\" target=\"_blank\" rel=\"noreferrer noopener\">\u00bfCU\u00c1LES SON LOS RETOS QUE ENFRENTAN LAS TERAPIAS RELACIONALES?<\/a><\/p>\n\n\n\n<p>Dr. Alexis Ibarra Mart\u00ednez | Facultad de Estudios Superiores Iztacala, UNAM<\/p>\n\n\n\n<p><a href=\"https:\/\/www.gipps.org\/revistaredes\/analisis\/terapia-de-sesion-unica-para-el-apoyo-a-personas-que-viven-con-vih\/\" data-type=\"URL\" data-id=\"https:\/\/www.gipps.org\/revistaredes\/analisis\/terapia-de-sesion-unica-para-el-apoyo-a-personas-que-viven-con-vih\/\" target=\"_blank\" rel=\"noreferrer noopener\">TERAPIA DE SESI\u00d3N \u00daNICA PARA EL APOYO A PERSONAS QUE VIVEN CON VIH<\/a><\/p>\n\n\n\n<p>Dra. Consuelo Rub\u00ed Rosales Pi\u00f1a | Facultad de Estudios Superiores Iztacala, UNAM<\/p>\n\n\n\n<p>\u00bf<a href=\"https:\/\/www.gipps.org\/revistaredes\/analisis\/debe-ser-empleada-la-musica-en-la-terapia-familiar\/\" data-type=\"URL\" data-id=\"https:\/\/www.gipps.org\/revistaredes\/analisis\/debe-ser-empleada-la-musica-en-la-terapia-familiar\/\" target=\"_blank\" rel=\"noreferrer noopener\">DEBE SER EMPLEADA LA M\u00daSICA EN LA TERAPIA FAMILIAR?<\/a><\/p>\n\n\n\n<p>Dra. Iris X\u00f3chitl Galicia Moyeda | Facultad de Estudios Superiores Iztacala, UNAM<\/p>\n\n\n\n<p><strong>Entrevista<\/strong><\/p>\n\n\n\n<p><a href=\"https:\/\/www.gipps.org\/revistaredes\/entrevista\/por-que-vale-la-pena-acudir-a-terapia-familiar-con-enfoque-sistemico\/\" data-type=\"URL\" data-id=\"https:\/\/www.gipps.org\/revistaredes\/entrevista\/por-que-vale-la-pena-acudir-a-terapia-familiar-con-enfoque-sistemico\/\" target=\"_blank\" rel=\"noreferrer noopener\">\u00bfPOR QU\u00c9 VALE LA PENA ACUDIR A TERAPIA FAMILIAR CON ENFOQUE SIST\u00c9MICO?<\/a><\/p>\n\n\n\n<p>Mtra. Ofelia Desatnik Miechimsky | Facultad de Estudios Superiores Iztacala, UNAM<\/p>\n\n\n\n<p>Por: Dra. Laura Edith P\u00e9rez-Laborde<\/p>\n\n\n\n<p><strong>Recomendaciones<\/strong><\/p>\n\n\n\n<p><a href=\"https:\/\/www.gipps.org\/revistaredes\/recomendaciones\/que-impacto-tiene-la-terapia-de-red-en-la-construccion-de-apoyo-comunitario-y-personal\/\" data-type=\"URL\" data-id=\"https:\/\/www.gipps.org\/revistaredes\/recomendaciones\/que-impacto-tiene-la-terapia-de-red-en-la-construccion-de-apoyo-comunitario-y-personal\/\" target=\"_blank\" rel=\"noreferrer noopener\">\u00bfQU\u00c9 IMPACTO TIENE LA TERAPIA DE RED EN LA CONSTRUCCI\u00d3N DE APOYO COMUNITARIO Y PERSONAL?<\/a><\/p>\n\n\n\n<p>Mtra. Ligia Esther Torres Burgos | Facultad de Estudios Superiores Iztacala, UNAM<\/p>\n","protected":false},"excerpt":{"rendered":"<div class=\"mh-excerpt\"><p>DOI: https:\/\/doi.org\/10.22402\/j.rdcrfp.unam.7.1.2025 Presentaci\u00f3n del n\u00famero TERAPIA FAMILIAR SIST\u00c9MICA: 25 A\u00d1OS DE TRANSFORMACI\u00d3N Y CRECIMIENTO EN LA PR\u00c1CTICA CL\u00cdNICA Dr. Ricardo S\u00e1nchez-Medina | Editor general de <a class=\"mh-excerpt-more\" href=\"https:\/\/www.gipps.org\/revistaredes\/volumen-7-numero-1-2025\/\" title=\"Volumen 7 | N\u00famero 1 | 2025\">[&#8230;]<\/a><\/p>\n<\/div>","protected":false},"author":1,"featured_media":0,"parent":0,"menu_order":0,"comment_status":"closed","ping_status":"closed","template":"","meta":[],"_links":{"self":[{"href":"https:\/\/www.gipps.org\/revistaredes\/wp-json\/wp\/v2\/pages\/1701"}],"collection":[{"href":"https:\/\/www.gipps.org\/revistaredes\/wp-json\/wp\/v2\/pages"}],"about":[{"href":"https:\/\/www.gipps.org\/revistaredes\/wp-json\/wp\/v2\/types\/page"}],"author":[{"embeddable":true,"href":"https:\/\/www.gipps.org\/revistaredes\/wp-json\/wp\/v2\/users\/1"}],"replies":[{"embeddable":true,"href":"https:\/\/www.gipps.org\/revistaredes\/wp-json\/wp\/v2\/comments?post=1701"}],"version-history":[{"count":1,"href":"https:\/\/www.gipps.org\/revistaredes\/wp-json\/wp\/v2\/pages\/1701\/revisions"}],"predecessor-version":[{"id":1702,"href":"https:\/\/www.gipps.org\/revistaredes\/wp-json\/wp\/v2\/pages\/1701\/revisions\/1702"}],"wp:attachment":[{"href":"https:\/\/www.gipps.org\/revistaredes\/wp-json\/wp\/v2\/media?parent=1701"}],"curies":[{"name":"wp","href":"https:\/\/api.w.org\/{rel}","templated":true}]}}

Volumen 7 | Número 1 | 2025

<p><strong>DOI</strong>: https://doi.org/10.22402/j.rdcrfp.unam.7.1.2025</p>



<p><strong>Presentación del número</strong></p>



<p><a href="https://www.gipps.org/revistaredes/presentacion-numero/terapia-familiar-sistemica-25-anos-de-transformacion-y-crecimiento-en-la-practica-clinica/" data-type="URL" data-id="https://www.gipps.org/revistaredes/presentacion-numero/terapia-familiar-sistemica-25-anos-de-transformacion-y-crecimiento-en-la-practica-clinica/" target="_blank" rel="noreferrer noopener">TERAPIA FAMILIAR SISTÉMICA: 25 AÑOS DE TRANSFORMACIÓN Y CRECIMIENTO EN LA PRÁCTICA CLÍNICA</a></p>



<p>Dr. Ricardo Sánchez-Medina | Editor general de la revista</p>



<p><strong>Investigación</strong></p>



<p><a href="https://www.gipps.org/revistaredes/investigacion/ambiente-seguro-y-libre-de-violencia-en-la-universidad/" data-type="URL" data-id="https://www.gipps.org/revistaredes/investigacion/ambiente-seguro-y-libre-de-violencia-en-la-universidad/" target="_blank" rel="noreferrer noopener">¿AMBIENTE SEGURO Y LIBRE DE VIOLENCIA EN LA UNIVERSIDAD?</a></p>



<p>Dra. Laura Evelia Torres Velázquez | Facultad de Estudios Superiores Iztacala, UNAM</p>



<p><strong>Análisis</strong></p>



<p><a href="https://www.gipps.org/revistaredes/analisis/que-aporta-la-mirada-del-modelo-ifs1-al-trabajo-de-externalizacion-de-la-practica-narrativa/" data-type="URL" data-id="https://www.gipps.org/revistaredes/analisis/que-aporta-la-mirada-del-modelo-ifs1-al-trabajo-de-externalizacion-de-la-practica-narrativa/" target="_blank" rel="noreferrer noopener">¿QUÉ APORTA LA MIRADA DEL MODELO IFS AL TRABAJO DE EXTERNALIZACIÓN DE LA PRÁCTICA NARRATIVA?</a></p>



<p>Dra. Argelia Gómez Ávila | Facultad de Estudios Superiores Iztacala, UNAM</p>



<p><a href="https://www.gipps.org/revistaredes/analisis/como-puede-ayudar-la-perspectiva-sistemica-en-la-transformacion-positiva-de-contextos-vulnerables/" data-type="URL" data-id="https://www.gipps.org/revistaredes/analisis/como-puede-ayudar-la-perspectiva-sistemica-en-la-transformacion-positiva-de-contextos-vulnerables/" target="_blank" rel="noreferrer noopener">¿CÓMO PUEDE AYUDAR LA PERSPECTIVA SISTÉMICA EN LA TRANSFORMACIÓN POSITIVA DE CONTEXTOS VULNERABLES?</a></p>



<p>Mtra. Ligia Esther Torres Burgos | Facultad de Estudios Superiores Iztacala, UNAM</p>



<p><a href="https://www.gipps.org/revistaredes/analisis/cuales-son-los-retos-que-enfrentan-las-terapias-relacionales/" data-type="URL" data-id="https://www.gipps.org/revistaredes/analisis/cuales-son-los-retos-que-enfrentan-las-terapias-relacionales/" target="_blank" rel="noreferrer noopener">¿CUÁLES SON LOS RETOS QUE ENFRENTAN LAS TERAPIAS RELACIONALES?</a></p>



<p>Dr. Alexis Ibarra Martínez | Facultad de Estudios Superiores Iztacala, UNAM</p>



<p><a href="https://www.gipps.org/revistaredes/analisis/terapia-de-sesion-unica-para-el-apoyo-a-personas-que-viven-con-vih/" data-type="URL" data-id="https://www.gipps.org/revistaredes/analisis/terapia-de-sesion-unica-para-el-apoyo-a-personas-que-viven-con-vih/" target="_blank" rel="noreferrer noopener">TERAPIA DE SESIÓN ÚNICA PARA EL APOYO A PERSONAS QUE VIVEN CON VIH</a></p>



<p>Dra. Consuelo Rubí Rosales Piña | Facultad de Estudios Superiores Iztacala, UNAM</p>



<p>¿<a href="https://www.gipps.org/revistaredes/analisis/debe-ser-empleada-la-musica-en-la-terapia-familiar/" data-type="URL" data-id="https://www.gipps.org/revistaredes/analisis/debe-ser-empleada-la-musica-en-la-terapia-familiar/" target="_blank" rel="noreferrer noopener">DEBE SER EMPLEADA LA MÚSICA EN LA TERAPIA FAMILIAR?</a></p>



<p>Dra. Iris Xóchitl Galicia Moyeda | Facultad de Estudios Superiores Iztacala, UNAM</p>



<p><strong>Entrevista</strong></p>



<p><a href="https://www.gipps.org/revistaredes/entrevista/por-que-vale-la-pena-acudir-a-terapia-familiar-con-enfoque-sistemico/" data-type="URL" data-id="https://www.gipps.org/revistaredes/entrevista/por-que-vale-la-pena-acudir-a-terapia-familiar-con-enfoque-sistemico/" target="_blank" rel="noreferrer noopener">¿POR QUÉ VALE LA PENA ACUDIR A TERAPIA FAMILIAR CON ENFOQUE SISTÉMICO?</a></p>



<p>Mtra. Ofelia Desatnik Miechimsky | Facultad de Estudios Superiores Iztacala, UNAM</p>



<p>Por: Dra. Laura Edith Pérez-Laborde</p>



<p><strong>Recomendaciones</strong></p>



<p><a href="https://www.gipps.org/revistaredes/recomendaciones/que-impacto-tiene-la-terapia-de-red-en-la-construccion-de-apoyo-comunitario-y-personal/" data-type="URL" data-id="https://www.gipps.org/revistaredes/recomendaciones/que-impacto-tiene-la-terapia-de-red-en-la-construccion-de-apoyo-comunitario-y-personal/" target="_blank" rel="noreferrer noopener">¿QUÉ IMPACTO TIENE LA TERAPIA DE RED EN LA CONSTRUCCIÓN DE APOYO COMUNITARIO Y PERSONAL?</a></p>



<p>Mtra. Ligia Esther Torres Burgos | Facultad de Estudios Superiores Iztacala, UNAM</p>

<div class="mh-excerpt"><p>DOI: https://doi.org/10.22402/j.rdcrfp.unam.7.1.2025 Presentación del número TERAPIA FAMILIAR SISTÉMICA: 25 AÑOS DE TRANSFORMACIÓN Y CRECIMIENTO EN LA PRÁCTICA CLÍNICA Dr. Ricardo Sánchez-Medina | Editor general de <a class="mh-excerpt-more" href="https://www.gipps.org/revistaredes/volumen-7-numero-1-2025/" title="Volumen 7 | Número 1 | 2025">[&#8230;]</a></p>
</div>
