{"id":1596,"date":"2024-08-23T00:53:32","date_gmt":"2024-08-23T00:53:32","guid":{"rendered":"https:\/\/www.gipps.org\/revistaredes\/?page_id=1596"},"modified":"2024-08-23T00:57:10","modified_gmt":"2024-08-23T00:57:10","slug":"volumen-6-numero-2-2024","status":"publish","type":"page","link":"https:\/\/www.gipps.org\/revistaredes\/volumen-6-numero-2-2024\/","title":{"rendered":"Volumen 6 | N\u00famero 2 | 2024"},"content":{"rendered":"\n<p><strong>DOI<\/strong>: https:\/\/doi.org\/10.22402\/j.rdcrfp.unam.6.2.2024<\/p>\n\n\n\n<p><strong>Presentaci\u00f3n del n\u00famero<\/strong><\/p>\n\n\n\n<p><a href=\"https:\/\/www.gipps.org\/revistaredes\/presentacion-numero\/voces-y-perspectivas-uniendo-ideas-sobre-como-vivimos-hoy-en-dia-presentacion-del-numero\/\" target=\"_blank\" rel=\"noreferrer noopener\">VOCES Y PERSPECTIVAS: UNIENDO IDEAS SOBRE C\u00d3MO VIVIMOS HOY EN D\u00cdA<\/a><\/p>\n\n\n\n<p>Dr. Enrique Berra Ruiz | Miembro del consejo editorial<\/p>\n\n\n\n<p><strong>Investigaci\u00f3n<\/strong><\/p>\n\n\n\n<p><a href=\"https:\/\/www.gipps.org\/revistaredes\/investigacion\/existe-la-reinsercion-social-efectiva\/\" target=\"_blank\" rel=\"noreferrer noopener\">\u00bfEXISTE LA REINSERCI\u00d3N SOCIAL EFECTIVA?\u00a0<\/a><\/p>\n\n\n\n<p>Dr. J. Jes\u00fas Becerra Ram\u00edrez y Mtra. Evelin Alejandra Galicia G\u00f3mez | Facultad de Estudios Superiores Iztacala, UNAM<\/p>\n\n\n\n<p><a href=\"https:\/\/www.gipps.org\/revistaredes\/investigacion\/como-regulan-sus-emociones-estudiantes-universitarias-a-distancia-para-fomentar-una-autoeficacia-positiva\/\" target=\"_blank\" rel=\"noreferrer noopener\">\u00bfC\u00d3MO REGULAN SUS EMOCIONES ESTUDIANTES UNIVERSITARIAS A DISTANCIA PARA FOMENTAR UNA AUTOEFICACIA POSITIVA?<\/a><\/p>\n\n\n\n<p>Dr. Oscar Iv\u00e1n Negrete-Rodr\u00edguez y Dra. Claudia Lucy Saucedo Ramos | Facultad de Estudios Superiores Iztacala, UNAM<\/p>\n\n\n\n<p><a href=\"https:\/\/www.gipps.org\/revistaredes\/investigacion\/como-las-mujeres-redefinen-sus-identidades-reescribiendo-sus-historias-desde-la-sabiduria-de-sus-experiencias\/\" target=\"_blank\" rel=\"noreferrer noopener\">\u00bfC\u00d3MO LAS MUJERES REDEFINEN SUS IDENTIDADES REESCRIBIENDO SUS HISTORIAS DESDE LA SABIDUR\u00cdA DE SUS EXPERIENCIAS?<\/a><\/p>\n\n\n\n<p>Dra.Luc\u00eda P\u00e9rez S\u00e1nchez y Dra.Georgina Castillo Casta\u00f1eda | Universidad Aut\u00f3noma de Nayarit<\/p>\n\n\n\n<p><a href=\"https:\/\/www.gipps.org\/revistaredes\/investigacion\/como-experimentan-el-estigma-y-la-discriminacion-los-hombres-que-viven-con-vih\/\" target=\"_blank\" rel=\"noreferrer noopener\">\u00bfC\u00d3MO EXPERIMENTAN EL ESTIGMA Y LA DISCRIMINACI\u00d3N LOS HOMBRES QUE VIVEN CON VIH?<\/a><\/p>\n\n\n\n<p>Lic. Dulce Estrella Ram\u00edrez Garc\u00eda y Dra. Consuelo Rubi Rosales Pi\u00f1a | Facultad de Estudios Superiores Iztacala, UNAM<\/p>\n\n\n\n<p><strong>An\u00e1lisis<\/strong><\/p>\n\n\n\n<p><a href=\"https:\/\/www.gipps.org\/revistaredes\/analisis\/como-definimos-el-talento-y-su-impacto-en-las-organizaciones\/\" target=\"_blank\" rel=\"noreferrer noopener\">\u00bfC\u00d3MO DEFINIMOS EL TALENTO Y SU IMPACTO EN LAS ORGANIZACIONES?<\/a><\/p>\n\n\n\n<p>Mtra. Jessica Escalante Gonz\u00e1lez | Facultad de Estudios Superiores Iztacala, UNAM<\/p>\n\n\n\n<p><a href=\"https:\/\/www.gipps.org\/revistaredes\/analisis\/como-fortalecer-la-autoestima-en-la-ninez\/\" target=\"_blank\" rel=\"noreferrer noopener\">\u00bfC\u00d3MO FORTALECER LA AUTOESTIMA EN LA NI\u00d1EZ?<\/a><\/p>\n\n\n\n<p>Lic. Micaela Victoria Potes | Pontificia Universidad Cat\u00f3lica, Argentina<\/p>\n\n\n\n<p><a href=\"https:\/\/www.gipps.org\/revistaredes\/analisis\/pin-parental-herramienta-de-proteccion-a-los-valores-familiares-o-una-forma-de-censura-educativa\/\" target=\"_blank\" rel=\"noreferrer noopener\">PIN PARENTAL \u00bfHERRAMIENTA DE PROTECCI\u00d3N A LOS VALORES FAMILIARES O UNA FORMA DE CENSURA EDUCATIVA?<\/a><\/p>\n\n\n\n<p>Mtra. Dulce Maria Velasco-Hern\u00e1ndez y Dr. Omar Moreno-Almaz\u00e1n | Facultad de Estudios Superiores Iztacala, UNAM<\/p>\n\n\n\n<p><strong>Entrevista<\/strong><\/p>\n\n\n\n<p><a href=\"https:\/\/www.gipps.org\/revistaredes\/entrevista\/abuso-sexual-intrafamiliar-la-arana-cuando-atrapa-a-la-mosca\/\" target=\"_blank\" rel=\"noreferrer noopener\">ABUSO SEXUAL INTRAFAMILIAR: LA ARA\u00d1A CUANDO ATRAPA A LA MOSCA<\/a><\/p>\n\n\n\n<p>Dra. Silvia Pugliese | Universidad Nacional de Rosario, Argentina<\/p>\n\n\n\n<p>Por: Lic. Arantxa Elizarraras Rios<\/p>\n\n\n\n<p><strong>Recomendaciones<\/strong><\/p>\n\n\n\n<p><a href=\"https:\/\/www.gipps.org\/revistaredes\/recomendaciones\/por-que-es-importante-la-evaluacion-psicologica\/\" target=\"_blank\" rel=\"noreferrer noopener\">\u00bfPOR QU\u00c9 ES IMPORTANTE LA EVALUACI\u00d3N PSICOL\u00d3GICA?<\/a><\/p>\n\n\n\n<p>Mtra. Maura Z\u00fa\u00f1iga Rodr\u00edguez | Facultad de Estudios Superiores Iztacala, UNAM<\/p>\n","protected":false},"excerpt":{"rendered":"<div class=\"mh-excerpt\"><p>DOI: https:\/\/doi.org\/10.22402\/j.rdcrfp.unam.6.2.2024 Presentaci\u00f3n del n\u00famero VOCES Y PERSPECTIVAS: UNIENDO IDEAS SOBRE C\u00d3MO VIVIMOS HOY EN D\u00cdA Dr. Enrique Berra Ruiz | Miembro del consejo editorial <a class=\"mh-excerpt-more\" href=\"https:\/\/www.gipps.org\/revistaredes\/volumen-6-numero-2-2024\/\" title=\"Volumen 6 | N\u00famero 2 | 2024\">[&#8230;]<\/a><\/p>\n<\/div>","protected":false},"author":1,"featured_media":0,"parent":0,"menu_order":0,"comment_status":"closed","ping_status":"closed","template":"","meta":[],"_links":{"self":[{"href":"https:\/\/www.gipps.org\/revistaredes\/wp-json\/wp\/v2\/pages\/1596"}],"collection":[{"href":"https:\/\/www.gipps.org\/revistaredes\/wp-json\/wp\/v2\/pages"}],"about":[{"href":"https:\/\/www.gipps.org\/revistaredes\/wp-json\/wp\/v2\/types\/page"}],"author":[{"embeddable":true,"href":"https:\/\/www.gipps.org\/revistaredes\/wp-json\/wp\/v2\/users\/1"}],"replies":[{"embeddable":true,"href":"https:\/\/www.gipps.org\/revistaredes\/wp-json\/wp\/v2\/comments?post=1596"}],"version-history":[{"count":2,"href":"https:\/\/www.gipps.org\/revistaredes\/wp-json\/wp\/v2\/pages\/1596\/revisions"}],"predecessor-version":[{"id":1600,"href":"https:\/\/www.gipps.org\/revistaredes\/wp-json\/wp\/v2\/pages\/1596\/revisions\/1600"}],"wp:attachment":[{"href":"https:\/\/www.gipps.org\/revistaredes\/wp-json\/wp\/v2\/media?parent=1596"}],"curies":[{"name":"wp","href":"https:\/\/api.w.org\/{rel}","templated":true}]}}

Volumen 6 | Número 2 | 2024

<p><strong>DOI</strong>: https://doi.org/10.22402/j.rdcrfp.unam.6.2.2024</p>



<p><strong>Presentación del número</strong></p>



<p><a href="https://www.gipps.org/revistaredes/presentacion-numero/voces-y-perspectivas-uniendo-ideas-sobre-como-vivimos-hoy-en-dia-presentacion-del-numero/" target="_blank" rel="noreferrer noopener">VOCES Y PERSPECTIVAS: UNIENDO IDEAS SOBRE CÓMO VIVIMOS HOY EN DÍA</a></p>



<p>Dr. Enrique Berra Ruiz | Miembro del consejo editorial</p>



<p><strong>Investigación</strong></p>



<p><a href="https://www.gipps.org/revistaredes/investigacion/existe-la-reinsercion-social-efectiva/" target="_blank" rel="noreferrer noopener">¿EXISTE LA REINSERCIÓN SOCIAL EFECTIVA? </a></p>



<p>Dr. J. Jesús Becerra Ramírez y Mtra. Evelin Alejandra Galicia Gómez | Facultad de Estudios Superiores Iztacala, UNAM</p>



<p><a href="https://www.gipps.org/revistaredes/investigacion/como-regulan-sus-emociones-estudiantes-universitarias-a-distancia-para-fomentar-una-autoeficacia-positiva/" target="_blank" rel="noreferrer noopener">¿CÓMO REGULAN SUS EMOCIONES ESTUDIANTES UNIVERSITARIAS A DISTANCIA PARA FOMENTAR UNA AUTOEFICACIA POSITIVA?</a></p>



<p>Dr. Oscar Iván Negrete-Rodríguez y Dra. Claudia Lucy Saucedo Ramos | Facultad de Estudios Superiores Iztacala, UNAM</p>



<p><a href="https://www.gipps.org/revistaredes/investigacion/como-las-mujeres-redefinen-sus-identidades-reescribiendo-sus-historias-desde-la-sabiduria-de-sus-experiencias/" target="_blank" rel="noreferrer noopener">¿CÓMO LAS MUJERES REDEFINEN SUS IDENTIDADES REESCRIBIENDO SUS HISTORIAS DESDE LA SABIDURÍA DE SUS EXPERIENCIAS?</a></p>



<p>Dra.Lucía Pérez Sánchez y Dra.Georgina Castillo Castañeda | Universidad Autónoma de Nayarit</p>



<p><a href="https://www.gipps.org/revistaredes/investigacion/como-experimentan-el-estigma-y-la-discriminacion-los-hombres-que-viven-con-vih/" target="_blank" rel="noreferrer noopener">¿CÓMO EXPERIMENTAN EL ESTIGMA Y LA DISCRIMINACIÓN LOS HOMBRES QUE VIVEN CON VIH?</a></p>



<p>Lic. Dulce Estrella Ramírez García y Dra. Consuelo Rubi Rosales Piña | Facultad de Estudios Superiores Iztacala, UNAM</p>



<p><strong>Análisis</strong></p>



<p><a href="https://www.gipps.org/revistaredes/analisis/como-definimos-el-talento-y-su-impacto-en-las-organizaciones/" target="_blank" rel="noreferrer noopener">¿CÓMO DEFINIMOS EL TALENTO Y SU IMPACTO EN LAS ORGANIZACIONES?</a></p>



<p>Mtra. Jessica Escalante González | Facultad de Estudios Superiores Iztacala, UNAM</p>



<p><a href="https://www.gipps.org/revistaredes/analisis/como-fortalecer-la-autoestima-en-la-ninez/" target="_blank" rel="noreferrer noopener">¿CÓMO FORTALECER LA AUTOESTIMA EN LA NIÑEZ?</a></p>



<p>Lic. Micaela Victoria Potes | Pontificia Universidad Católica, Argentina</p>



<p><a href="https://www.gipps.org/revistaredes/analisis/pin-parental-herramienta-de-proteccion-a-los-valores-familiares-o-una-forma-de-censura-educativa/" target="_blank" rel="noreferrer noopener">PIN PARENTAL ¿HERRAMIENTA DE PROTECCIÓN A LOS VALORES FAMILIARES O UNA FORMA DE CENSURA EDUCATIVA?</a></p>



<p>Mtra. Dulce Maria Velasco-Hernández y Dr. Omar Moreno-Almazán | Facultad de Estudios Superiores Iztacala, UNAM</p>



<p><strong>Entrevista</strong></p>



<p><a href="https://www.gipps.org/revistaredes/entrevista/abuso-sexual-intrafamiliar-la-arana-cuando-atrapa-a-la-mosca/" target="_blank" rel="noreferrer noopener">ABUSO SEXUAL INTRAFAMILIAR: LA ARAÑA CUANDO ATRAPA A LA MOSCA</a></p>



<p>Dra. Silvia Pugliese | Universidad Nacional de Rosario, Argentina</p>



<p>Por: Lic. Arantxa Elizarraras Rios</p>



<p><strong>Recomendaciones</strong></p>



<p><a href="https://www.gipps.org/revistaredes/recomendaciones/por-que-es-importante-la-evaluacion-psicologica/" target="_blank" rel="noreferrer noopener">¿POR QUÉ ES IMPORTANTE LA EVALUACIÓN PSICOLÓGICA?</a></p>



<p>Mtra. Maura Zúñiga Rodríguez | Facultad de Estudios Superiores Iztacala, UNAM</p>

<div class="mh-excerpt"><p>DOI: https://doi.org/10.22402/j.rdcrfp.unam.6.2.2024 Presentación del número VOCES Y PERSPECTIVAS: UNIENDO IDEAS SOBRE CÓMO VIVIMOS HOY EN DÍA Dr. Enrique Berra Ruiz | Miembro del consejo editorial <a class="mh-excerpt-more" href="https://www.gipps.org/revistaredes/volumen-6-numero-2-2024/" title="Volumen 6 | Número 2 | 2024">[&#8230;]</a></p>
</div>
