{"id":1468,"date":"2024-06-07T20:23:25","date_gmt":"2024-06-07T20:23:25","guid":{"rendered":"https:\/\/www.gipps.org\/revistaredes\/?page_id=1468"},"modified":"2024-08-23T00:50:10","modified_gmt":"2024-08-23T00:50:10","slug":"volumen-6-numero-1-2024","status":"publish","type":"page","link":"https:\/\/www.gipps.org\/revistaredes\/volumen-6-numero-1-2024\/","title":{"rendered":"Volumen 6 | N\u00famero 1 | 2024"},"content":{"rendered":"\n<p><strong>DOI<\/strong>:  https:\/\/doi.org\/10.22402\/j.rdcrfp.unam.6.1.2024<\/p>\n\n\n\n<p><strong>Presentaci\u00f3n del n\u00famero<\/strong><\/p>\n\n\n\n<p><a href=\"https:\/\/www.gipps.org\/revistaredes\/presentacion-numero\/presentacion-del-volumen-6-numero-1\/\">TRANSFORMANDO OBST\u00c1CULOS EN OPORTUNIDADES DE CRECIMIENTO<\/a><\/p>\n\n\n\n<p>Dra.\nSandra Ivonne Mu\u00f1oz Maldonado | Miembro del consejo editorial <\/p>\n\n\n\n<p><strong>Investigaci\u00f3n<\/strong><\/p>\n\n\n\n<p><a href=\"https:\/\/www.gipps.org\/revistaredes\/investigacion\/reinsercion-social-a-traves-de-la-atencion-psicopedagogica-existen-estrategias-eficaces\/\">REINSERCI\u00d3N SOCIAL A TRAV\u00c9S DE LA ATENCI\u00d3N PSICOPEDAG\u00d3GICA: \u00bfEXISTEN ESTRATEGIAS EFICACES?<\/a><\/p>\n\n\n\n<p>Mtra. Evelin Alejandra Galicia G\u00f3mez y Dr. J. Jes\u00fas Becerra Ram\u00edrez | Facultad de Estudios Superiores Iztacala, UNAM<\/p>\n\n\n\n<p><a href=\"https:\/\/www.gipps.org\/revistaredes\/investigacion\/entendiendo-el-desarrollo-del-lenguaje-en-la-primera-infancia\/\">ENTENDIENDO EL DESARROLLO DEL LENGUAJE EN LA PRIMERA INFANCIA<\/a><\/p>\n\n\n\n<p>Dra. Esperanza Guarneros-Reyes y Dr. Arturo\nSilva-Rodr\u00edguez |Facultad de Estudios Superiores Iztacala, UNAM<\/p>\n\n\n\n<p>Recibido: 19 de\nmarzo de 2024<\/p>\n\n\n\n<p><strong>An\u00e1lisis<\/strong><\/p>\n\n\n\n<p><a href=\"https:\/\/www.gipps.org\/revistaredes\/analisis\/la-salud-de-quien-y-desde-donde\/\">LA SALUD: \u00bfDE QUI\u00c9N Y DESDE D\u00d3NDE?<\/a><\/p>\n\n\n\n<p>Lic. Leticia B\u00e1ez P\u00e9rez |Maestrante de la\nResidencia en Psicolog\u00eda Ambiental de la Universidad Nacional Aut\u00f3noma de\nM\u00e9xico (UNAM)<\/p>\n\n\n\n<p><a href=\"https:\/\/www.gipps.org\/revistaredes\/analisis\/como-influye-el-ambiente-en-la-conducta-humana-una-vision-desde-la-psicologia-ambiental\/\">\u00bfC\u00d3MO INFLUYE EL AMBIENTE EN LA CONDUCTA HUMANA? UNA VISI\u00d3N DESDE LA PSICOLOG\u00cdA AMBIENTAL<\/a><\/p>\n\n\n\n<p>Mtra. Maria Fernanda Lozano Quiroz |Facultad de\nEstudios Superiores Iztacala, UNAM<\/p>\n\n\n\n<p><a href=\"https:\/\/www.gipps.org\/revistaredes\/analisis\/cuales-son-las-implicaciones-de-la-salud-mental-en-entornos-carcelarios-un-enfoque-desde-la-psicologia-y-los-derechos-humanos\/\">\u00bfCUALES SON LAS IMPLICACIONES DE LA SALUD MENTAL EN ENTORNOS CARCELARIOS? UN ENFOQUE DESDE LA PSICOLOG\u00cdA Y LOS DERECHOS HUMANOS <\/a><\/p>\n\n\n\n<p>Mtra. Dulce M. Velasco Hern\u00e1ndez |Facultad de\nEstudios Superiores Iztacala, UNAM<\/p>\n\n\n\n<p><strong>Entrevista<\/strong><\/p>\n\n\n\n<p><a href=\"https:\/\/www.gipps.org\/revistaredes\/entrevista\/cuidando-la-salud-emocional-y-sexual-la-importancia-de-la-atencion-psicologica-para-personas-que-viven-con-vih\/\">CUIDANDO LA SALUD EMOCIONAL Y SEXUAL: LA IMPORTANCIA DE LA ATENCI\u00d3N PSICOL\u00d3GICA PARA PERSONAS QUE VIVEN CON VIH<\/a><\/p>\n\n\n\n<p>Entrevista al Dr. Ricardo\nS\u00e1nchez Medina<\/p>\n\n\n\n<p>Realizada por la Mtra.\nTalia Rebeca Gonzalez Morales|Facultad de\nEstudios Superiores Iztacala, UNAM<\/p>\n\n\n\n<p><strong>Recomendaciones<\/strong><\/p>\n\n\n\n<p><strong><a href=\"https:\/\/www.gipps.org\/revistaredes\/recomendaciones\/como-construir-una-vida-plena-sumar-al-bien-estar-diario\/\">\u00bf<\/a><\/strong><a href=\"https:\/\/www.gipps.org\/revistaredes\/recomendaciones\/como-construir-una-vida-plena-sumar-al-bien-estar-diario\/\">C\u00d3MO CONSTRUIR UNA VIDA PLENA?: SUMAR AL BIEN-ESTAR DIARIO<\/a><\/p>\n\n\n\n<p>Dr. David Javier Enr\u00edquez Negrete| Facultad\nde Estudios Superiores, Iztacala. UNAM<\/p>\n\n\n\n<p><a href=\"https:\/\/www.gipps.org\/revistaredes\/recomendaciones\/desafiando-obstaculos-como-mejorar-el-desempeno-academico\/\">DESAFIANDO OBST\u00c1CULOS: \u00bfC\u00d3MO MEJORAR EL DESEMPE\u00d1O ACAD\u00c9MICO?<\/a><\/p>\n\n\n\n<p>Mtra. Blanca Delia Arias Garc\u00eda|Facultad de\nEstudios Superiores, Iztacala. UNAM<\/p>\n","protected":false},"excerpt":{"rendered":"<div class=\"mh-excerpt\"><p>DOI: https:\/\/doi.org\/10.22402\/j.rdcrfp.unam.6.1.2024 Presentaci\u00f3n del n\u00famero TRANSFORMANDO OBST\u00c1CULOS EN OPORTUNIDADES DE CRECIMIENTO Dra. Sandra Ivonne Mu\u00f1oz Maldonado | Miembro del consejo editorial Investigaci\u00f3n REINSERCI\u00d3N SOCIAL A <a class=\"mh-excerpt-more\" href=\"https:\/\/www.gipps.org\/revistaredes\/volumen-6-numero-1-2024\/\" title=\"Volumen 6 | N\u00famero 1 | 2024\">[&#8230;]<\/a><\/p>\n<\/div>","protected":false},"author":1,"featured_media":0,"parent":0,"menu_order":0,"comment_status":"closed","ping_status":"closed","template":"","meta":[],"_links":{"self":[{"href":"https:\/\/www.gipps.org\/revistaredes\/wp-json\/wp\/v2\/pages\/1468"}],"collection":[{"href":"https:\/\/www.gipps.org\/revistaredes\/wp-json\/wp\/v2\/pages"}],"about":[{"href":"https:\/\/www.gipps.org\/revistaredes\/wp-json\/wp\/v2\/types\/page"}],"author":[{"embeddable":true,"href":"https:\/\/www.gipps.org\/revistaredes\/wp-json\/wp\/v2\/users\/1"}],"replies":[{"embeddable":true,"href":"https:\/\/www.gipps.org\/revistaredes\/wp-json\/wp\/v2\/comments?post=1468"}],"version-history":[{"count":2,"href":"https:\/\/www.gipps.org\/revistaredes\/wp-json\/wp\/v2\/pages\/1468\/revisions"}],"predecessor-version":[{"id":1597,"href":"https:\/\/www.gipps.org\/revistaredes\/wp-json\/wp\/v2\/pages\/1468\/revisions\/1597"}],"wp:attachment":[{"href":"https:\/\/www.gipps.org\/revistaredes\/wp-json\/wp\/v2\/media?parent=1468"}],"curies":[{"name":"wp","href":"https:\/\/api.w.org\/{rel}","templated":true}]}}

Volumen 6 | Número 1 | 2024

<p><strong>DOI</strong>:  https://doi.org/10.22402/j.rdcrfp.unam.6.1.2024</p>



<p><strong>Presentación del número</strong></p>



<p><a href="https://www.gipps.org/revistaredes/presentacion-numero/presentacion-del-volumen-6-numero-1/">TRANSFORMANDO OBSTÁCULOS EN OPORTUNIDADES DE CRECIMIENTO</a></p>



<p>Dra.
Sandra Ivonne Muñoz Maldonado | Miembro del consejo editorial </p>



<p><strong>Investigación</strong></p>



<p><a href="https://www.gipps.org/revistaredes/investigacion/reinsercion-social-a-traves-de-la-atencion-psicopedagogica-existen-estrategias-eficaces/">REINSERCIÓN SOCIAL A TRAVÉS DE LA ATENCIÓN PSICOPEDAGÓGICA: ¿EXISTEN ESTRATEGIAS EFICACES?</a></p>



<p>Mtra. Evelin Alejandra Galicia Gómez y Dr. J. Jesús Becerra Ramírez | Facultad de Estudios Superiores Iztacala, UNAM</p>



<p><a href="https://www.gipps.org/revistaredes/investigacion/entendiendo-el-desarrollo-del-lenguaje-en-la-primera-infancia/">ENTENDIENDO EL DESARROLLO DEL LENGUAJE EN LA PRIMERA INFANCIA</a></p>



<p>Dra. Esperanza Guarneros-Reyes y Dr. Arturo
Silva-Rodríguez |Facultad de Estudios Superiores Iztacala, UNAM</p>



<p>Recibido: 19 de
marzo de 2024</p>



<p><strong>Análisis</strong></p>



<p><a href="https://www.gipps.org/revistaredes/analisis/la-salud-de-quien-y-desde-donde/">LA SALUD: ¿DE QUIÉN Y DESDE DÓNDE?</a></p>



<p>Lic. Leticia Báez Pérez |Maestrante de la
Residencia en Psicología Ambiental de la Universidad Nacional Autónoma de
México (UNAM)</p>



<p><a href="https://www.gipps.org/revistaredes/analisis/como-influye-el-ambiente-en-la-conducta-humana-una-vision-desde-la-psicologia-ambiental/">¿CÓMO INFLUYE EL AMBIENTE EN LA CONDUCTA HUMANA? UNA VISIÓN DESDE LA PSICOLOGÍA AMBIENTAL</a></p>



<p>Mtra. Maria Fernanda Lozano Quiroz |Facultad de
Estudios Superiores Iztacala, UNAM</p>



<p><a href="https://www.gipps.org/revistaredes/analisis/cuales-son-las-implicaciones-de-la-salud-mental-en-entornos-carcelarios-un-enfoque-desde-la-psicologia-y-los-derechos-humanos/">¿CUALES SON LAS IMPLICACIONES DE LA SALUD MENTAL EN ENTORNOS CARCELARIOS? UN ENFOQUE DESDE LA PSICOLOGÍA Y LOS DERECHOS HUMANOS </a></p>



<p>Mtra. Dulce M. Velasco Hernández |Facultad de
Estudios Superiores Iztacala, UNAM</p>



<p><strong>Entrevista</strong></p>



<p><a href="https://www.gipps.org/revistaredes/entrevista/cuidando-la-salud-emocional-y-sexual-la-importancia-de-la-atencion-psicologica-para-personas-que-viven-con-vih/">CUIDANDO LA SALUD EMOCIONAL Y SEXUAL: LA IMPORTANCIA DE LA ATENCIÓN PSICOLÓGICA PARA PERSONAS QUE VIVEN CON VIH</a></p>



<p>Entrevista al Dr. Ricardo
Sánchez Medina</p>



<p>Realizada por la Mtra.
Talia Rebeca Gonzalez Morales|Facultad de
Estudios Superiores Iztacala, UNAM</p>



<p><strong>Recomendaciones</strong></p>



<p><strong><a href="https://www.gipps.org/revistaredes/recomendaciones/como-construir-una-vida-plena-sumar-al-bien-estar-diario/">¿</a></strong><a href="https://www.gipps.org/revistaredes/recomendaciones/como-construir-una-vida-plena-sumar-al-bien-estar-diario/">CÓMO CONSTRUIR UNA VIDA PLENA?: SUMAR AL BIEN-ESTAR DIARIO</a></p>



<p>Dr. David Javier Enríquez Negrete| Facultad
de Estudios Superiores, Iztacala. UNAM</p>



<p><a href="https://www.gipps.org/revistaredes/recomendaciones/desafiando-obstaculos-como-mejorar-el-desempeno-academico/">DESAFIANDO OBSTÁCULOS: ¿CÓMO MEJORAR EL DESEMPEÑO ACADÉMICO?</a></p>



<p>Mtra. Blanca Delia Arias García|Facultad de
Estudios Superiores, Iztacala. UNAM</p>

<div class="mh-excerpt"><p>DOI: https://doi.org/10.22402/j.rdcrfp.unam.6.1.2024 Presentación del número TRANSFORMANDO OBSTÁCULOS EN OPORTUNIDADES DE CRECIMIENTO Dra. Sandra Ivonne Muñoz Maldonado | Miembro del consejo editorial Investigación REINSERCIÓN SOCIAL A <a class="mh-excerpt-more" href="https://www.gipps.org/revistaredes/volumen-6-numero-1-2024/" title="Volumen 6 | Número 1 | 2024">[&#8230;]</a></p>
</div>
