{"id":135,"date":"2019-08-13T18:26:35","date_gmt":"2019-08-13T18:26:35","guid":{"rendered":"http:\/\/www.gipps.org\/revistaredes\/?page_id=135"},"modified":"2019-08-13T18:26:36","modified_gmt":"2019-08-13T18:26:36","slug":"secciones-de-publicacion","status":"publish","type":"page","link":"https:\/\/www.gipps.org\/revistaredes\/secciones-de-publicacion\/","title":{"rendered":"Secciones de publicaci\u00f3n"},"content":{"rendered":"\n<p><strong>Investigaci\u00f3n<\/strong><\/p>\n\n\n\n<p>Escritos en los que el autor presenta\nun problema y su posible resoluci\u00f3n basado en los resultados de investigaci\u00f3n\naplicada, as\u00ed como de su experiencia profesional, asociado a la b\u00fasqueda y\nargumentaci\u00f3n derivada de la evidencia cient\u00edfica sobre alg\u00fan tema social,\npsicol\u00f3gico y\/o de la salud. La extensi\u00f3n ser\u00e1 entre 1000 y 2000 palabras,\nincluyendo, en su caso, figuras, tablas e ilustraciones. Deber\u00e1 incluir la\njustificaci\u00f3n y desarrollo del trabajo, conclusiones y referencias.<\/p>\n\n\n\n<p><strong>An\u00e1lisis<\/strong><\/p>\n\n\n\n<p>Escritos en los que el autor da su\npunto de vista respecto de alg\u00fan tema social, psicol\u00f3gico y\/o de la salud. La\nextensi\u00f3n ser\u00e1 entre 1000 y 2000 palabras, incluyendo, en su caso, figuras,\ntablas e ilustraciones. Deber\u00e1 incluir la justificaci\u00f3n, el desarrollo del\ntrabajo, conclusiones y referencias.<\/p>\n\n\n\n<p><strong>Entrevista<\/strong><\/p>\n\n\n\n<p>Entrevista a investigadores nacionales\no internacionales sobre alg\u00fan tema de inter\u00e9s centrado en la resoluci\u00f3n de\nproblemas sociales, psicol\u00f3gicos y\/o de la salud. Esta secci\u00f3n estar\u00e1 a cargo\ndel equipo editorial.<\/p>\n\n\n\n<p><strong>Estudio de caso<\/strong><\/p>\n\n\n\n<p>Estudios de caso en los que se detalle\nla naturaleza del problema, &nbsp;donde se\nilustre la forma en que fue solucionado el problema de inter\u00e9s, adem\u00e1s deber\u00e1\ndesarrollarse la relaci\u00f3n que tiene el caso con otros similares, as\u00ed como la\nforma en que se asocia con otras investigaciones o teor\u00edas.<\/p>\n\n\n\n<p><strong>Recomendaciones<\/strong><\/p>\n\n\n\n<p>Sugerencias sobre qu\u00e9 hacer ante\nsituaciones que se tornan como problem\u00e1ticas en las \u00e1reas sociales,\npsicol\u00f3gicas y\/o de la salud. La extensi\u00f3n ser\u00e1 entre 1000 y 2000 palabras,\nincluyendo, en su caso, figuras, tablas e ilustraciones. Deber\u00e1 incluir la\njustificaci\u00f3n del problema, el desarrollo del trabajo, conclusiones y\nreferencias.<\/p>\n","protected":false},"excerpt":{"rendered":"<div class=\"mh-excerpt\"><p>Investigaci\u00f3n Escritos en los que el autor presenta un problema y su posible resoluci\u00f3n basado en los resultados de investigaci\u00f3n aplicada, as\u00ed como de su <a class=\"mh-excerpt-more\" href=\"https:\/\/www.gipps.org\/revistaredes\/secciones-de-publicacion\/\" title=\"Secciones de publicaci\u00f3n\">[&#8230;]<\/a><\/p>\n<\/div>","protected":false},"author":1,"featured_media":0,"parent":0,"menu_order":0,"comment_status":"closed","ping_status":"closed","template":"","meta":[],"_links":{"self":[{"href":"https:\/\/www.gipps.org\/revistaredes\/wp-json\/wp\/v2\/pages\/135"}],"collection":[{"href":"https:\/\/www.gipps.org\/revistaredes\/wp-json\/wp\/v2\/pages"}],"about":[{"href":"https:\/\/www.gipps.org\/revistaredes\/wp-json\/wp\/v2\/types\/page"}],"author":[{"embeddable":true,"href":"https:\/\/www.gipps.org\/revistaredes\/wp-json\/wp\/v2\/users\/1"}],"replies":[{"embeddable":true,"href":"https:\/\/www.gipps.org\/revistaredes\/wp-json\/wp\/v2\/comments?post=135"}],"version-history":[{"count":1,"href":"https:\/\/www.gipps.org\/revistaredes\/wp-json\/wp\/v2\/pages\/135\/revisions"}],"predecessor-version":[{"id":136,"href":"https:\/\/www.gipps.org\/revistaredes\/wp-json\/wp\/v2\/pages\/135\/revisions\/136"}],"wp:attachment":[{"href":"https:\/\/www.gipps.org\/revistaredes\/wp-json\/wp\/v2\/media?parent=135"}],"curies":[{"name":"wp","href":"https:\/\/api.w.org\/{rel}","templated":true}]}}