{"id":1193,"date":"2023-06-29T22:07:49","date_gmt":"2023-06-29T22:07:49","guid":{"rendered":"https:\/\/www.gipps.org\/revistaredes\/?page_id=1193"},"modified":"2023-12-07T21:17:32","modified_gmt":"2023-12-07T21:17:32","slug":"volumen-5-numero-1-2023","status":"publish","type":"page","link":"https:\/\/www.gipps.org\/revistaredes\/volumen-5-numero-1-2023\/","title":{"rendered":"Volumen 5 | N\u00famero 1 | 2023"},"content":{"rendered":"\n<p><strong>DOI<\/strong>:  https:\/\/doi.org\/10.22402\/j.rdcrfp.unam.5.1.2023<\/p>\n\n\n\n<p><strong>Presentaci\u00f3n del n\u00famero<\/strong><\/p>\n\n\n\n<p><a href=\"https:\/\/www.gipps.org\/revistaredes\/presentacion-numero\/retos-sociales-y-familiares-ante-un-mundo-cambiante-presentacion-del-numero\/\">RETOS SOCIALES Y FAMILIARES ANTE UN MUNDO CAMBIANTE<\/a> <\/p>\n\n\n\n<p> Mtra. Maura Z\u00fa\u00f1iga Rodr\u00edguez, Editora T\u00e9cnica  <\/p>\n\n\n\n<p><strong>An\u00e1lisis<\/strong><\/p>\n\n\n\n<p><a href=\"https:\/\/www.gipps.org\/revistaredes\/analisis\/como-ayuda-la-terapia-narrativa-a-resignificar-la-muerte-de-un-ser-querido-por-covid-19\/\">\u00bfC\u00d3MO AYUDA LA TERAPIA NARRATIVA A RESIGNIFICAR LA MUERTE DE UN SER QUERIDO POR COVID-19?<\/a><\/p>\n\n\n\n<p>Lic. Ana Fabiola Llanos Quiroz y Lic. Mario Alberto Prado Hern\u00e1ndez|Universidad del Valle de M\u00e9xico <\/p>\n\n\n\n<p><a href=\"https:\/\/www.gipps.org\/revistaredes\/analisis\/como-son-los-vinculos-parentales-y-los-roles-en-las-familias-homoparentales\/\">\u00bfC\u00d3MO SON LOS VINCULOS PARENTALES Y DE PARENTESCO EN LAS FAMILIAS HOMOPARENTALES?<\/a><\/p>\n\n\n\n<p>Esp. Lic. Carolina Balma|Universidad de Flores <\/p>\n\n\n\n<p><a href=\"https:\/\/www.gipps.org\/revistaredes\/analisis\/la-ausencia-de-la-familia-y-la-presencia-de-lo-inhumano-en-las-empresas-latinas\/\">LA AUSENCIA DE LA FAMILIA Y LA PRESENCIA DE LO INHUMANO EN LAS EMPRESAS LATINAS<\/a><\/p>\n\n\n\n<p>Lic. Jos\u00e9 \u00c1lvaro Cruz Jaramillo|Corporaci\u00f3n Universitaria Minuto de Dios<\/p>\n\n\n\n<p><a href=\"https:\/\/www.gipps.org\/revistaredes\/analisis\/las-vueltas-de-la-vida\/\">LAS VUELTAS DE LA VIDA <\/a><\/p>\n\n\n\n<p>Vanesa Molinaro|Universidad de Flores<\/p>\n\n\n\n<p><a href=\"https:\/\/www.gipps.org\/revistaredes\/analisis\/procesos-de-separacion-y-conflictividad-conyugal-como-proteger-a-los-hijos-e-hijas\/\">PROCESOS DE SEPARACI\u00d3N Y CONFLICTIVIDAD CONYUGAL \u00bfC\u00d3MO PROTEGER A LOS HIJOS E HIJAS? <\/a><\/p>\n\n\n\n<p>Gabriela Marquez y Janet Pallares |Equipo T\u00e9cnico Interdisciplinario del Juzgado de Familia de Trelew, Chubut<\/p>\n\n\n\n<p><strong>Entrevista<\/strong><\/p>\n\n\n\n<p><a href=\"https:\/\/www.gipps.org\/revistaredes\/entrevista\/intervencion-de-la-victimologia-ante-los-casos-de-violencia-contra-las-mujeres\/\">INTERVENCI\u00d3N DE LA VICTIMOLOG\u00cdA ANTE LOS CASOS DE VIOLENCIA CONTRA LAS MUJERES<\/a><\/p>\n\n\n\n<p>Dra. Mar\u00eda Teresa Ambrosio Morales<\/p>\n\n\n\n<p>Instituto\nde Investigaciones Jur\u00eddicas. Universidad Nacional Aut\u00f3noma de M\u00e9xico<\/p>\n\n\n\n<p>Realizada por: Mtra. Evelin Alejandra Galicia G\u00f3mez<\/p>\n","protected":false},"excerpt":{"rendered":"<div class=\"mh-excerpt\"><p>DOI: https:\/\/doi.org\/10.22402\/j.rdcrfp.unam.5.1.2023 Presentaci\u00f3n del n\u00famero RETOS SOCIALES Y FAMILIARES ANTE UN MUNDO CAMBIANTE Mtra. Maura Z\u00fa\u00f1iga Rodr\u00edguez, Editora T\u00e9cnica An\u00e1lisis \u00bfC\u00d3MO AYUDA LA TERAPIA NARRATIVA <a class=\"mh-excerpt-more\" href=\"https:\/\/www.gipps.org\/revistaredes\/volumen-5-numero-1-2023\/\" title=\"Volumen 5 | N\u00famero 1 | 2023\">[&#8230;]<\/a><\/p>\n<\/div>","protected":false},"author":1,"featured_media":0,"parent":0,"menu_order":0,"comment_status":"closed","ping_status":"closed","template":"","meta":[],"_links":{"self":[{"href":"https:\/\/www.gipps.org\/revistaredes\/wp-json\/wp\/v2\/pages\/1193"}],"collection":[{"href":"https:\/\/www.gipps.org\/revistaredes\/wp-json\/wp\/v2\/pages"}],"about":[{"href":"https:\/\/www.gipps.org\/revistaredes\/wp-json\/wp\/v2\/types\/page"}],"author":[{"embeddable":true,"href":"https:\/\/www.gipps.org\/revistaredes\/wp-json\/wp\/v2\/users\/1"}],"replies":[{"embeddable":true,"href":"https:\/\/www.gipps.org\/revistaredes\/wp-json\/wp\/v2\/comments?post=1193"}],"version-history":[{"count":2,"href":"https:\/\/www.gipps.org\/revistaredes\/wp-json\/wp\/v2\/pages\/1193\/revisions"}],"predecessor-version":[{"id":1288,"href":"https:\/\/www.gipps.org\/revistaredes\/wp-json\/wp\/v2\/pages\/1193\/revisions\/1288"}],"wp:attachment":[{"href":"https:\/\/www.gipps.org\/revistaredes\/wp-json\/wp\/v2\/media?parent=1193"}],"curies":[{"name":"wp","href":"https:\/\/api.w.org\/{rel}","templated":true}]}}

Volumen 5 | Número 1 | 2023

<p><strong>DOI</strong>:  https://doi.org/10.22402/j.rdcrfp.unam.5.1.2023</p>



<p><strong>Presentación del número</strong></p>



<p><a href="https://www.gipps.org/revistaredes/presentacion-numero/retos-sociales-y-familiares-ante-un-mundo-cambiante-presentacion-del-numero/">RETOS SOCIALES Y FAMILIARES ANTE UN MUNDO CAMBIANTE</a> </p>



<p> Mtra. Maura Zúñiga Rodríguez, Editora Técnica  </p>



<p><strong>Análisis</strong></p>



<p><a href="https://www.gipps.org/revistaredes/analisis/como-ayuda-la-terapia-narrativa-a-resignificar-la-muerte-de-un-ser-querido-por-covid-19/">¿CÓMO AYUDA LA TERAPIA NARRATIVA A RESIGNIFICAR LA MUERTE DE UN SER QUERIDO POR COVID-19?</a></p>



<p>Lic. Ana Fabiola Llanos Quiroz y Lic. Mario Alberto Prado Hernández|Universidad del Valle de México </p>



<p><a href="https://www.gipps.org/revistaredes/analisis/como-son-los-vinculos-parentales-y-los-roles-en-las-familias-homoparentales/">¿CÓMO SON LOS VINCULOS PARENTALES Y DE PARENTESCO EN LAS FAMILIAS HOMOPARENTALES?</a></p>



<p>Esp. Lic. Carolina Balma|Universidad de Flores </p>



<p><a href="https://www.gipps.org/revistaredes/analisis/la-ausencia-de-la-familia-y-la-presencia-de-lo-inhumano-en-las-empresas-latinas/">LA AUSENCIA DE LA FAMILIA Y LA PRESENCIA DE LO INHUMANO EN LAS EMPRESAS LATINAS</a></p>



<p>Lic. José Álvaro Cruz Jaramillo|Corporación Universitaria Minuto de Dios</p>



<p><a href="https://www.gipps.org/revistaredes/analisis/las-vueltas-de-la-vida/">LAS VUELTAS DE LA VIDA </a></p>



<p>Vanesa Molinaro|Universidad de Flores</p>



<p><a href="https://www.gipps.org/revistaredes/analisis/procesos-de-separacion-y-conflictividad-conyugal-como-proteger-a-los-hijos-e-hijas/">PROCESOS DE SEPARACIÓN Y CONFLICTIVIDAD CONYUGAL ¿CÓMO PROTEGER A LOS HIJOS E HIJAS? </a></p>



<p>Gabriela Marquez y Janet Pallares |Equipo Técnico Interdisciplinario del Juzgado de Familia de Trelew, Chubut</p>



<p><strong>Entrevista</strong></p>



<p><a href="https://www.gipps.org/revistaredes/entrevista/intervencion-de-la-victimologia-ante-los-casos-de-violencia-contra-las-mujeres/">INTERVENCIÓN DE LA VICTIMOLOGÍA ANTE LOS CASOS DE VIOLENCIA CONTRA LAS MUJERES</a></p>



<p>Dra. María Teresa Ambrosio Morales</p>



<p>Instituto
de Investigaciones Jurídicas. Universidad Nacional Autónoma de México</p>



<p>Realizada por: Mtra. Evelin Alejandra Galicia Gómez</p>

<div class="mh-excerpt"><p>DOI: https://doi.org/10.22402/j.rdcrfp.unam.5.1.2023 Presentación del número RETOS SOCIALES Y FAMILIARES ANTE UN MUNDO CAMBIANTE Mtra. Maura Zúñiga Rodríguez, Editora Técnica Análisis ¿CÓMO AYUDA LA TERAPIA NARRATIVA <a class="mh-excerpt-more" href="https://www.gipps.org/revistaredes/volumen-5-numero-1-2023/" title="Volumen 5 | Número 1 | 2023">[&#8230;]</a></p>
</div>
