{"id":1093,"date":"2022-12-12T23:55:41","date_gmt":"2022-12-12T23:55:41","guid":{"rendered":"http:\/\/www.gipps.org\/revistaredes\/?page_id=1093"},"modified":"2023-02-14T17:56:36","modified_gmt":"2023-02-14T17:56:36","slug":"volumen-4-numero-2-2022","status":"publish","type":"page","link":"https:\/\/www.gipps.org\/revistaredes\/volumen-4-numero-2-2022\/","title":{"rendered":"Volumen 4 | N\u00famero 2 | 2022"},"content":{"rendered":"\n<p><strong>DOI<\/strong>:  https:\/\/doi.org\/10.22402\/j.rdcrfp.unam.4.2.2022<\/p>\n\n\n\n<p><strong>Presentaci\u00f3n del n\u00famero<\/strong> <\/p>\n\n\n\n<p><a href=\"http:\/\/www.gipps.org\/revistaredes\/presentacion-numero\/la-importancias-de-expresar-las-emociones\/\">LA IMPORTANCIA DE EXPRESAR LAS EMOCIONES. <\/a><\/p>\n\n\n\n<p>Lic. Dulce Velasco Hern\u00e1ndez, Editora T\u00e9cnica <\/p>\n\n\n\n<p><strong>An\u00e1lisis<\/strong><\/p>\n\n\n\n<p><a href=\"http:\/\/www.gipps.org\/revistaredes\/analisis\/como-influye-la-calidad-de-los-vinculos-familiares-en-el-aprendizaje-escolar-en-el-contexto-de-la-pandemia-de-covid-19\/\">\u00bfC\u00d3MO INFLUYE LA CALIDAD DE LOS V\u00cdNCULOS FAMILIARES EN EL APRENDIZAJE ESCOLAR EN EL CONTEXTO DE LA PANDEMIA DE COVID-19? <\/a><\/p>\n\n\n\n<p>Lic.\nRomina A. Schneider|Profesionista\nindependiente<\/p>\n\n\n\n<p><a href=\"http:\/\/www.gipps.org\/revistaredes\/analisis\/violencia-familiar-y-sus-consecuencias-en-los-ninos-ninas-y-adolescentes\/\">VIOLENCIA FAMILIAR Y SUS CONSECUENCIAS EN LOS NI\u00d1OS, NI\u00d1AS Y ADOLESCENTES<\/a><\/p>\n\n\n\n<p>Mag. Juan Carlos Carretero y Lic.\nCristina Stecconi|Universidad de Flores (UFLO), Argentina<\/p>\n\n\n\n<p><a href=\"http:\/\/www.gipps.org\/revistaredes\/analisis\/aspectos-a-reflexionar-sobre-la-pandemia-covid-19-en-relacion-a-la-practica-clinica-y-terapeutica\/\">ASPECTOS A REFLEXIONAR SOBRE LA PANDEMIA COVID 19 EN RELACI\u00d3N A LA PR\u00c1CTICA CL\u00cdNICA Y TERAPE\u00daTICA<\/a><\/p>\n\n\n\n<p>Mtra. Carla Hern\u00e1ndez Aguilar|Universidad Pedag\u00f3gica Nacional<\/p>\n\n\n\n<p><a href=\"http:\/\/www.gipps.org\/revistaredes\/analisis\/que-hay-mas-alla-del-no-aprender\/\">\u00bfQU\u00c9 HAY M\u00c1S ALL\u00c1 DEL \u201cNO APRENDER\u201d?<\/a><\/p>\n\n\n\n<p>Laura Estefan\u00eda Barros|Universidad de Flores (UFLO), Argentina<\/p>\n\n\n\n<p><strong>Entrevista<\/strong><\/p>\n\n\n\n<p><a href=\"http:\/\/www.gipps.org\/revistaredes\/entrevista\/trabajo-salud-y-subjetividad-una-mirada-mas-alla-de-los-riesgos-psicosociales\/\">TRABAJO, SALUD Y SUBJETIVIDAD, UNA MIRADA M\u00c1S ALL\u00c1 DE LOS RIESGOS SOCIALES<\/a><\/p>\n\n\n\n<p>Dra. Cecilia Ros|Universidad de Buenos Aires y de la Universidad Nacional de Lan\u00fas<\/p>\n\n\n\n<p>Dra. Miriam Wlosko|Universidad Nacional de Lan\u00fas<\/p>\n\n\n\n<p>Por: Dra. Adriana Irene Hern\u00e1ndez G\u00f3mez<\/p>\n\n\n\n<p><strong>Recomendaciones<\/strong><\/p>\n\n\n\n<p><a href=\"http:\/\/www.gipps.org\/revistaredes\/recomendaciones\/acompanando-mujeres-guia-de-accion-para-mujeres-victimas-de-violencia\/\">ACOMPA\u00d1ANDO MUJERES: GU\u00cdA DE ACCI\u00d3N PARA MUJERES V\u00cdCTIMAS DE VIOLENCIA<\/a><\/p>\n\n\n\n<p>Lic. Candela Armi\u00f1ana Espejo|Universidad de Flores (UFLO), Argentina.<\/p>\n","protected":false},"excerpt":{"rendered":"<div class=\"mh-excerpt\"><p>DOI: https:\/\/doi.org\/10.22402\/j.rdcrfp.unam.4.2.2022 Presentaci\u00f3n del n\u00famero LA IMPORTANCIA DE EXPRESAR LAS EMOCIONES. Lic. Dulce Velasco Hern\u00e1ndez, Editora T\u00e9cnica An\u00e1lisis \u00bfC\u00d3MO INFLUYE LA CALIDAD DE LOS V\u00cdNCULOS <a class=\"mh-excerpt-more\" href=\"https:\/\/www.gipps.org\/revistaredes\/volumen-4-numero-2-2022\/\" title=\"Volumen 4 | N\u00famero 2 | 2022\">[&#8230;]<\/a><\/p>\n<\/div>","protected":false},"author":1,"featured_media":0,"parent":0,"menu_order":0,"comment_status":"closed","ping_status":"closed","template":"","meta":[],"_links":{"self":[{"href":"https:\/\/www.gipps.org\/revistaredes\/wp-json\/wp\/v2\/pages\/1093"}],"collection":[{"href":"https:\/\/www.gipps.org\/revistaredes\/wp-json\/wp\/v2\/pages"}],"about":[{"href":"https:\/\/www.gipps.org\/revistaredes\/wp-json\/wp\/v2\/types\/page"}],"author":[{"embeddable":true,"href":"https:\/\/www.gipps.org\/revistaredes\/wp-json\/wp\/v2\/users\/1"}],"replies":[{"embeddable":true,"href":"https:\/\/www.gipps.org\/revistaredes\/wp-json\/wp\/v2\/comments?post=1093"}],"version-history":[{"count":3,"href":"https:\/\/www.gipps.org\/revistaredes\/wp-json\/wp\/v2\/pages\/1093\/revisions"}],"predecessor-version":[{"id":1108,"href":"https:\/\/www.gipps.org\/revistaredes\/wp-json\/wp\/v2\/pages\/1093\/revisions\/1108"}],"wp:attachment":[{"href":"https:\/\/www.gipps.org\/revistaredes\/wp-json\/wp\/v2\/media?parent=1093"}],"curies":[{"name":"wp","href":"https:\/\/api.w.org\/{rel}","templated":true}]}}

Volumen 4 | Número 2 | 2022

<p><strong>DOI</strong>:  https://doi.org/10.22402/j.rdcrfp.unam.4.2.2022</p>



<p><strong>Presentación del número</strong> </p>



<p><a href="http://www.gipps.org/revistaredes/presentacion-numero/la-importancias-de-expresar-las-emociones/">LA IMPORTANCIA DE EXPRESAR LAS EMOCIONES. </a></p>



<p>Lic. Dulce Velasco Hernández, Editora Técnica </p>



<p><strong>Análisis</strong></p>



<p><a href="http://www.gipps.org/revistaredes/analisis/como-influye-la-calidad-de-los-vinculos-familiares-en-el-aprendizaje-escolar-en-el-contexto-de-la-pandemia-de-covid-19/">¿CÓMO INFLUYE LA CALIDAD DE LOS VÍNCULOS FAMILIARES EN EL APRENDIZAJE ESCOLAR EN EL CONTEXTO DE LA PANDEMIA DE COVID-19? </a></p>



<p>Lic.
Romina A. Schneider|Profesionista
independiente</p>



<p><a href="http://www.gipps.org/revistaredes/analisis/violencia-familiar-y-sus-consecuencias-en-los-ninos-ninas-y-adolescentes/">VIOLENCIA FAMILIAR Y SUS CONSECUENCIAS EN LOS NIÑOS, NIÑAS Y ADOLESCENTES</a></p>



<p>Mag. Juan Carlos Carretero y Lic.
Cristina Stecconi|Universidad de Flores (UFLO), Argentina</p>



<p><a href="http://www.gipps.org/revistaredes/analisis/aspectos-a-reflexionar-sobre-la-pandemia-covid-19-en-relacion-a-la-practica-clinica-y-terapeutica/">ASPECTOS A REFLEXIONAR SOBRE LA PANDEMIA COVID 19 EN RELACIÓN A LA PRÁCTICA CLÍNICA Y TERAPEÚTICA</a></p>



<p>Mtra. Carla Hernández Aguilar|Universidad Pedagógica Nacional</p>



<p><a href="http://www.gipps.org/revistaredes/analisis/que-hay-mas-alla-del-no-aprender/">¿QUÉ HAY MÁS ALLÁ DEL “NO APRENDER”?</a></p>



<p>Laura Estefanía Barros|Universidad de Flores (UFLO), Argentina</p>



<p><strong>Entrevista</strong></p>



<p><a href="http://www.gipps.org/revistaredes/entrevista/trabajo-salud-y-subjetividad-una-mirada-mas-alla-de-los-riesgos-psicosociales/">TRABAJO, SALUD Y SUBJETIVIDAD, UNA MIRADA MÁS ALLÁ DE LOS RIESGOS SOCIALES</a></p>



<p>Dra. Cecilia Ros|Universidad de Buenos Aires y de la Universidad Nacional de Lanús</p>



<p>Dra. Miriam Wlosko|Universidad Nacional de Lanús</p>



<p>Por: Dra. Adriana Irene Hernández Gómez</p>



<p><strong>Recomendaciones</strong></p>



<p><a href="http://www.gipps.org/revistaredes/recomendaciones/acompanando-mujeres-guia-de-accion-para-mujeres-victimas-de-violencia/">ACOMPAÑANDO MUJERES: GUÍA DE ACCIÓN PARA MUJERES VÍCTIMAS DE VIOLENCIA</a></p>



<p>Lic. Candela Armiñana Espejo|Universidad de Flores (UFLO), Argentina.</p>

<div class="mh-excerpt"><p>DOI: https://doi.org/10.22402/j.rdcrfp.unam.4.2.2022 Presentación del número LA IMPORTANCIA DE EXPRESAR LAS EMOCIONES. Lic. Dulce Velasco Hernández, Editora Técnica Análisis ¿CÓMO INFLUYE LA CALIDAD DE LOS VÍNCULOS <a class="mh-excerpt-more" href="https://www.gipps.org/revistaredes/volumen-4-numero-2-2022/" title="Volumen 4 | Número 2 | 2022">[&#8230;]</a></p>
</div>
